{"id":866,"date":"2024-05-04T05:40:29","date_gmt":"2024-05-03T22:40:29","guid":{"rendered":"https:\/\/tuibanhmidep.com\/bai-viet\/shop\/in-100000-bao-dung-banh-mi-cach-nhiet-ma-bmd_998-giay-kraft-tho-moc-chat-luong-dam-bao\/"},"modified":"2024-05-04T05:40:29","modified_gmt":"2024-05-03T22:40:29","slug":"in-100000-bao-dung-banh-mi-cach-nhiet-ma-bmd_998-giay-kraft-tho-moc-chat-luong-dam-bao","status":"publish","type":"product","link":"https:\/\/tuibanhmidep.com\/bai-viet\/shop\/in-100000-bao-dung-banh-mi-cach-nhiet-ma-bmd_998-giay-kraft-tho-moc-chat-luong-dam-bao\/","title":{"rendered":"In 100000 Bao \u0111\u1ef1ng b\u00e1nh m\u00ec c\u00e1ch nhi\u1ec7t (m\u00e3 BMD_998) gi\u1ea5y Kraft th\u00f4 m\u1ed9c &#8211; ch\u1ea5t l\u01b0\u1ee3ng \u0111\u1ea3m b\u1ea3o"},"content":{"rendered":"<h2>Gi\u1edbi thi\u1ec7u v\u1ec1 t\u00fai gi\u1ea5y \u0111\u1ef1ng b\u00e1nh m\u00ec Kraft<\/h2>\n<p>B\u00e1nh m\u00ec, m\u1ed9t trong nh\u1eefng m\u00f3n \u0103n v\u1eb7t ph\u1ed5 bi\u1ebfn nh\u1ea5t t\u1ea1i Vi\u1ec7t Nam, gi\u1edd \u0111\u00e2y c\u00f3 th\u1ec3 \u0111\u01b0\u1ee3c b\u1ea3o qu\u1ea3n m\u1ed9t c\u00e1ch th\u00e2n thi\u1ec7n v\u1edbi m\u00f4i tr\u01b0\u1eddng nh\u1edd v\u00e0o t\u00fai gi\u1ea5y Kraft. T\u00fai gi\u1ea5y \u0111\u1ef1ng b\u00e1nh m\u00ec m\u00e3 BMD_998 kh\u00f4ng ch\u1ec9 \u0111\u00e1p \u1ee9ng nhu c\u1ea7u \u0111\u1ef1ng \u0111\u1ed3 \u0103n an to\u00e0n m\u00e0 c\u00f2n g\u00f3p ph\u1ea7n b\u1ea3o v\u1ec7 m\u00f4i tr\u01b0\u1eddng nh\u1edd v\u00e0o ch\u1ea5t li\u1ec7u gi\u1ea5y t\u00e1i ch\u1ebf \u0111\u01b0\u1ee3c.<\/p>\n<h3>T\u00ednh n\u0103ng \u01b0u vi\u1ec7t c\u1ee7a t\u00fai gi\u1ea5y Kraft th\u00f4 m\u1ed9c<\/h3>\n<p>T\u00fai gi\u1ea5y Kraft \u0111\u01b0\u1ee3c thi\u1ebft k\u1ebf \u0111\u1ec3 \u0111\u1ea3m b\u1ea3o t\u00ednh n\u0103ng c\u00e1ch nhi\u1ec7t, gi\u00fap b\u00e1nh m\u00ec c\u1ee7a b\u1ea1n gi\u1eef n\u00f3ng l\u00e2u h\u01a1n trong khi b\u1ea1n di chuy\u1ec3n. Kh\u00f4ng ch\u1ee9a h\u00f3a ch\u1ea5t \u0111\u1ed9c h\u1ea1i, t\u00fai gi\u1ea5y Kraft l\u00e0 l\u1ef1a ch\u1ecdn l\u00fd t\u01b0\u1edfng cho nh\u1eefng ai quan t\u00e2m \u0111\u1ebfn s\u1ee9c kh\u1ecfe v\u00e0 m\u00f4i tr\u01b0\u1eddng. S\u1ea3n ph\u1ea9m n\u00e0y ho\u00e0n to\u00e0n kh\u00f4ng c\u00f3 quai x\u00e1ch, thi\u1ebft k\u1ebf \u0111\u01a1n gi\u1ea3n nh\u01b0ng ch\u1eafc ch\u1eafn, ph\u00f9 h\u1ee3p v\u1edbi nhu c\u1ea7u \u0111\u01a1n gi\u1ea3n nh\u01b0ng hi\u1ec7u qu\u1ea3 c\u1ee7a ng\u01b0\u1eddi ti\u00eau d\u00f9ng hi\u1ec7n \u0111\u1ea1i.<\/p>\n<p><strong>C\u00e1c th\u00f4ng s\u1ed1 k\u1ef9 thu\u1eadt c\u1ee7a t\u00fai gi\u1ea5y Kraft<\/strong><\/p>\n<p>T\u00fai gi\u1ea5y \u0111\u1ef1ng b\u00e1nh m\u00ec Kraft c\u00f3 k\u00edch th\u01b0\u1edbc ngang 9.5 cm, cao 24.5 cm v\u00e0 2 b\u00ean h\u00f4ng r\u1ed9ng 4.5 cm, t\u1ea1o \u0111i\u1ec1u ki\u1ec7n t\u1ed1i \u01b0u \u0111\u1ec3 \u0111\u1ef1ng m\u1ed9t \u1ed5 b\u00e1nh m\u00ec Vi\u1ec7t Nam. S\u1ea3n ph\u1ea9m kh\u00f4ng c\u00f3 quai x\u00e1ch, kh\u00f4ng \u0103n \u0111\u01b0\u1ee3c v\u00e0 \u0111\u01b0\u1ee3c l\u00e0m t\u1eeb gi\u1ea5y an to\u00e0n cho th\u1ef1c ph\u1ea9m, \u0111\u1ea3m b\u1ea3o v\u1ec7 sinh v\u00e0 an to\u00e0n khi ti\u1ebfp x\u00fac tr\u1ef1c ti\u1ebfp v\u1edbi th\u1ef1c ph\u1ea9m.<\/p>\n<h3>L\u1ee3i \u00edch c\u1ee7a vi\u1ec7c s\u1eed d\u1ee5ng t\u00fai gi\u1ea5y Kraft trong \u0111\u1ef1ng b\u00e1nh m\u00ec<\/h3>\n<p>V\u1edbi vi\u1ec7c s\u1eed d\u1ee5ng gi\u1ea5y Kraft, t\u00fai gi\u1ea5y kh\u00f4ng ch\u1ec9 c\u00f3 kh\u1ea3 n\u0103ng ph\u00e2n h\u1ee7y sinh h\u1ecdc m\u00e0 c\u00f2n gi\u00fap gi\u1ea3m thi\u1ec3u r\u00e1c th\u1ea3i nh\u1ef1a, m\u1ed9t v\u1ea5n \u0111\u1ec1 m\u00f4i tr\u01b0\u1eddng \u0111\u00e1ng quan t\u00e2m hi\u1ec7n nay. Ng\u01b0\u1eddi ti\u00eau d\u00f9ng kh\u00f4ng ch\u1ec9 \u0111\u01b0\u1ee3c th\u01b0\u1edfng th\u1ee9c b\u00e1nh m\u00ec trong m\u1ed9t bao b\u00ec an to\u00e0n, ti\u1ec7n l\u1ee3i m\u00e0 c\u00f2n g\u00f3p ph\u1ea7n v\u00e0o vi\u1ec7c b\u1ea3o v\u1ec7 m\u00f4i tr\u01b0\u1eddng s\u1ed1ng quanh ta.<\/p>\n<p><strong>T\u1ea1i sao ch\u1ecdn t\u00fai gi\u1ea5y Kraft c\u1ee7a ch\u00fang t\u00f4i?<\/strong><\/p>\n<p>T\u00fai gi\u1ea5y Kraft m\u00e3 BMD_998 kh\u00f4ng ch\u1ec9 \u0111\u1ea3m b\u1ea3o ch\u1ea5t l\u01b0\u1ee3ng m\u00e0 c\u00f2n \u0111\u01b0\u1ee3c thi\u1ebft k\u1ebf v\u1edbi t\u00ednh n\u0103ng c\u00e1ch nhi\u1ec7t cao, gi\u00fap gi\u1eef nhi\u1ec7t \u0111\u1ed9 th\u1ef1c ph\u1ea9m m\u1ed9t c\u00e1ch hi\u1ec7u qu\u1ea3. \u0110\u00e2y l\u00e0 l\u1ef1a ch\u1ecdn l\u00fd t\u01b0\u1edfng cho nh\u1eefng ai \u0111ang t\u00ecm ki\u1ebfm m\u1ed9t gi\u1ea3i ph\u00e1p \u0111\u00f3ng g\u00f3i th\u00e2n thi\u1ec7n v\u1edbi m\u00f4i tr\u01b0\u1eddng, b\u1ea3o v\u1ec7 s\u1ee9c kh\u1ecfe m\u00e0 c<\/p>\n<p>\u00f2n c\u00f3 th\u1ec3 t\u00e1i ch\u1ebf ho\u1eb7c ph\u00e2n h\u1ee7y sinh h\u1ecdc sau khi s\u1eed d\u1ee5ng.<\/p>\n","protected":false},"excerpt":{"rendered":"<p>K\u00edch th\u01b0\u1edbc 9.5&#215;4.5x24cm, \u0111\u1ecbnh l\u01b0\u1ee3ng gi\u1ea5y 50gsm. T\u00fai gi\u1ea5y \u0111\u1ef1ng b\u00e1nh m\u00ec m\u00e3 BMD_998 l\u00e0 gi\u1ea3i ph\u00e1p l\u00fd t\u01b0\u1edfng cho vi\u1ec7c \u0111\u1ef1ng b\u00e1nh m\u00ec an to\u00e0n v\u00e0 th\u00e2n thi\u1ec7n v\u1edbi m\u00f4i tr\u01b0\u1eddng, s\u1eed d\u1ee5ng gi\u1ea5y Kraft th\u00f4 m\u1ed9c ch\u1ea5t l\u01b0\u1ee3ng cao.<\/p>\n","protected":false},"featured_media":867,"template":"","meta":[],"product_brand":[],"product_cat":[72],"product_tag":[],"class_list":{"0":"post-866","1":"product","2":"type-product","3":"status-publish","4":"has-post-thumbnail","6":"product_cat-san-pham-tui-banh-mi","8":"first","9":"instock","10":"virtual","11":"product-type-simple"},"_links":{"self":[{"href":"https:\/\/tuibanhmidep.com\/bai-viet\/wp-json\/wp\/v2\/product\/866","targetHints":{"allow":["GET"]}}],"collection":[{"href":"https:\/\/tuibanhmidep.com\/bai-viet\/wp-json\/wp\/v2\/product"}],"about":[{"href":"https:\/\/tuibanhmidep.com\/bai-viet\/wp-json\/wp\/v2\/types\/product"}],"wp:featuredmedia":[{"embeddable":true,"href":"https:\/\/tuibanhmidep.com\/bai-viet\/wp-json\/wp\/v2\/media\/867"}],"wp:attachment":[{"href":"https:\/\/tuibanhmidep.com\/bai-viet\/wp-json\/wp\/v2\/media?parent=866"}],"wp:term":[{"taxonomy":"product_brand","embeddable":true,"href":"https:\/\/tuibanhmidep.com\/bai-viet\/wp-json\/wp\/v2\/product_brand?post=866"},{"taxonomy":"product_cat","embeddable":true,"href":"https:\/\/tuibanhmidep.com\/bai-viet\/wp-json\/wp\/v2\/product_cat?post=866"},{"taxonomy":"product_tag","embeddable":true,"href":"https:\/\/tuibanhmidep.com\/bai-viet\/wp-json\/wp\/v2\/product_tag?post=866"}],"curies":[{"name":"wp","href":"https:\/\/api.w.org\/{rel}","templated":true}]}}