{"id":786,"date":"2024-04-20T21:35:42","date_gmt":"2024-04-20T14:35:42","guid":{"rendered":"https:\/\/tuibanhmidep.com\/bai-viet\/shop\/in-4000-tui-giay-banh-mi-giai-phap-bao-quan-ly-tuong-skubmd_4836\/"},"modified":"2024-04-20T21:35:42","modified_gmt":"2024-04-20T14:35:42","slug":"in-4000-tui-giay-banh-mi-giai-phap-bao-quan-ly-tuong-skubmd_4836","status":"publish","type":"product","link":"https:\/\/tuibanhmidep.com\/bai-viet\/shop\/in-4000-tui-giay-banh-mi-giai-phap-bao-quan-ly-tuong-skubmd_4836\/","title":{"rendered":"In 4000 T\u00fai Gi\u1ea5y B\u00e1nh M\u00ec: Gi\u1ea3i Ph\u00e1p B\u1ea3o Qu\u1ea3n L\u00fd T\u01b0\u1edfng (SKU:BMD_4836)"},"content":{"rendered":"<h2>T\u00ecm Hi\u1ec3u V\u1ec1 T\u00fai Gi\u1ea5y B\u00e1nh M\u00ec<\/h2>\n<p><strong>T\u1ea1i sao n\u00ean ch\u1ecdn t\u00fai gi\u1ea5y b\u00e1nh m\u00ec?<\/strong><\/p>\n<h3>L\u1ee3i \u00edch c\u1ee7a vi\u1ec7c s\u1eed d\u1ee5ng t\u00fai gi\u1ea5y<\/h3>\n<p>T\u00fai gi\u1ea5y b\u00e1nh m\u00ec kh\u00f4ng ch\u1ec9 l\u00e0 m\u1ed9t ph\u01b0\u01a1ng ti\u1ec7n \u0111\u01a1n gi\u1ea3n \u0111\u1ec3 \u0111\u1ef1ng b\u00e1nh m\u00ec m\u00e0 c\u00f2n l\u00e0 m\u1ed9t l\u1ef1a ch\u1ecdn th\u00e2n thi\u1ec7n v\u1edbi m\u00f4i tr\u01b0\u1eddng, gi\u00fap b\u1ea3o qu\u1ea3n b\u00e1nh m\u00ec m\u1ed9t c\u00e1ch an to\u00e0n v\u00e0 hi\u1ec7u qu\u1ea3. \u0110\u01b0\u1ee3c l\u00e0m t\u1eeb gi\u1ea5y ch\u1ea5t l\u01b0\u1ee3ng cao, an to\u00e0n cho th\u1ef1c ph\u1ea9m, t\u00fai n\u00e0y \u0111\u1ea3m b\u1ea3o r\u1eb1ng b\u1ea1n c\u00f3 th\u1ec3 t\u1eadn h\u01b0\u1edfng h\u01b0\u01a1ng v\u1ecb t\u01b0\u01a1i ngon c\u1ee7a b\u00e1nh m\u00ec m\u00e0 kh\u00f4ng lo ng\u1ea1i v\u1ec1 c\u00e1c ch\u1ea5t \u0111\u1ed9c h\u1ea1i th\u01b0\u1eddng th\u1ea5y trong c\u00e1c lo\u1ea1i bao b\u00ec nh\u1ef1a.<\/p>\n<h3>C\u1ea5u t\u1ea1o v\u00e0 thi\u1ebft k\u1ebf c\u1ee7a t\u00fai gi\u1ea5y b\u00e1nh m\u00ec<\/h3>\n<p>T\u00fai gi\u1ea5y b\u00e1nh m\u00ec c\u00f3 k\u00edch th\u01b0\u1edbc chu\u1ea9n l\u00e0 9.5cm ngang, 24.5cm cao v\u00e0 m\u1ed7i b\u00ean h\u00f4ng r\u1ed9ng 4.5cm, thi\u1ebft k\u1ebf ho\u00e0n h\u1ea3o cho vi\u1ec7c \u0111\u1ef1ng m\u1ed9t \u1ed5 b\u00e1nh m\u00ec Vi\u1ec7t Nam truy\u1ec1n th\u1ed1ng. M\u1eb7c d\u00f9 t\u00fai kh\u00f4ng c\u00f3 quai x\u00e1ch, nh\u01b0ng thi\u1ebft k\u1ebf n\u00e0y l\u1ea1i d\u1ec5 d\u00e0ng c\u1ea7m n\u1eafm v\u00e0 ti\u1ec7n l\u1ee3i \u0111\u1ec3 di chuy\u1ec3n t\u1eeb n\u01a1i mua \u0111\u1ebfn t\u1eadn tay ng\u01b0\u1eddi ti\u00eau d\u00f9ng.<\/p>\n<h3>S\u1ef1 ti\u1ec7n l\u1ee3i v\u00e0 \u0111a d\u1ee5ng<\/h3>\n<p>D\u00f9 kh\u00f4ng c\u00f3 kh\u1ea3 n\u0103ng t\u00e1i s\u1eed d\u1ee5ng nh\u01b0 c\u00e1c t\u00fai c\u00f3 quai, t\u00fai gi\u1ea5y b\u00e1nh m\u00ec v\u1eabn \u0111\u01b0\u1ee3c \u01b0a chu\u1ed9ng nh\u1edd kh\u1ea3 n\u0103ng ph\u00e2n h\u1ee7y sinh h\u1ecdc cao, gi\u1ea3m thi\u1ec3u t\u00e1c \u0111\u1ed9ng \u0111\u1ebfn m\u00f4i tr\u01b0\u1eddng. Ngo\u00e0i ra, t\u00fai gi\u1ea5y c\u00f2n c\u00f3 th\u1ec3 ph\u1ee5c v\u1ee5 nh\u01b0 m\u1ed9t ph\u01b0\u01a1ng ti\u1ec7n qu\u1ea3ng b\u00e1 hi\u1ec7u qu\u1ea3 khi in \u1ea5n logo ho\u1eb7c th\u00f4ng \u0111i\u1ec7p th\u01b0\u01a1ng hi\u1ec7u, gi\u00fap n\u00e2ng cao nh\u1eadn th\u1ee9c v\u00e0 h\u00ecnh \u1ea3nh c\u1ee7a c\u1eeda h\u00e0ng trong m\u1eaft kh\u00e1ch h\u00e0ng.<\/p>\n<h3>An to\u00e0n v\u00e0 th\u00e2n thi\u1ec7n v\u1edbi s\u1ee9c kh\u1ecfe<\/h3>\n<p>Kh\u00f4ng ch\u1ec9 t\u1ed1t cho m\u00f4i tr\u01b0\u1eddng, t\u00fai gi\u1ea5y b\u00e1nh m\u00ec c\u00f2n \u0111\u1ea3m b\u1ea3o s\u1ef1 an to\u00e0n t\u1ed1i \u0111a cho s\u1ee9c kh\u1ecfe ng\u01b0\u1eddi ti\u00eau d\u00f9ng. Gi\u1ea5y d\u00f9ng \u0111\u1ec3 l\u00e0m t\u00fai \u0111\u01b0\u1ee3c ch\u1ee9ng nh\u1eadn l\u00e0 an to\u00e0n cho vi\u1ec7c ti\u1ebfp x\u00fac tr\u1ef1c ti\u1ebfp v\u1edbi th\u1ef1c ph\u1ea9m, kh\u00f4ng ch\u1ee9a c\u00e1c ch\u1ea5t \u0111\u1ed9c h\u1ea1i c\u00f3 th\u1ec3 \u1ea3nh h\u01b0\u1edfng \u0111\u1ebfn s\u1ee9c kh\u1ecfe khi ti\u1ebfp x\u00fac v\u1edbi th\u1ef1c ph\u1ea9m.<\/p>\n","protected":false},"excerpt":{"rendered":"<p>K\u00edch th\u01b0\u1edbc 9.5&#215;4.5x24cm, \u0111\u1ecbnh l\u01b0\u1ee3ng gi\u1ea5y 50gsm. Kh\u00e1m ph\u00e1 t\u00fai gi\u1ea5y b\u00e1nh m\u00ec &#8211; s\u1ef1 l\u1ef1a ch\u1ecdn ho\u00e0n h\u1ea3o \u0111\u1ec3 gi\u1eef g\u00ecn h\u01b0\u01a1ng v\u1ecb v\u00e0 \u0111\u1ed9 t\u01b0\u01a1i c\u1ee7a b\u00e1nh m\u00ec m\u1ed9t c\u00e1ch t\u1ef1 nhi\u00ean v\u00e0 an to\u00e0n.<\/p>\n","protected":false},"featured_media":787,"template":"","meta":[],"product_brand":[],"product_cat":[72],"product_tag":[],"class_list":{"0":"post-786","1":"product","2":"type-product","3":"status-publish","4":"has-post-thumbnail","6":"product_cat-san-pham-tui-banh-mi","8":"first","9":"instock","10":"virtual","11":"product-type-simple"},"_links":{"self":[{"href":"https:\/\/tuibanhmidep.com\/bai-viet\/wp-json\/wp\/v2\/product\/786","targetHints":{"allow":["GET"]}}],"collection":[{"href":"https:\/\/tuibanhmidep.com\/bai-viet\/wp-json\/wp\/v2\/product"}],"about":[{"href":"https:\/\/tuibanhmidep.com\/bai-viet\/wp-json\/wp\/v2\/types\/product"}],"wp:featuredmedia":[{"embeddable":true,"href":"https:\/\/tuibanhmidep.com\/bai-viet\/wp-json\/wp\/v2\/media\/787"}],"wp:attachment":[{"href":"https:\/\/tuibanhmidep.com\/bai-viet\/wp-json\/wp\/v2\/media?parent=786"}],"wp:term":[{"taxonomy":"product_brand","embeddable":true,"href":"https:\/\/tuibanhmidep.com\/bai-viet\/wp-json\/wp\/v2\/product_brand?post=786"},{"taxonomy":"product_cat","embeddable":true,"href":"https:\/\/tuibanhmidep.com\/bai-viet\/wp-json\/wp\/v2\/product_cat?post=786"},{"taxonomy":"product_tag","embeddable":true,"href":"https:\/\/tuibanhmidep.com\/bai-viet\/wp-json\/wp\/v2\/product_tag?post=786"}],"curies":[{"name":"wp","href":"https:\/\/api.w.org\/{rel}","templated":true}]}}