{"id":766,"date":"2024-04-20T16:20:13","date_gmt":"2024-04-20T09:20:13","guid":{"rendered":"https:\/\/tuibanhmidep.com\/bai-viet\/shop\/in-1000-tui-giay-banh-mi-than-thien-va-tien-loi-skubmd_3810\/"},"modified":"2024-04-20T16:20:13","modified_gmt":"2024-04-20T09:20:13","slug":"in-1000-tui-giay-banh-mi-than-thien-va-tien-loi-skubmd_3810","status":"publish","type":"product","link":"https:\/\/tuibanhmidep.com\/bai-viet\/shop\/in-1000-tui-giay-banh-mi-than-thien-va-tien-loi-skubmd_3810\/","title":{"rendered":"In 1000 T\u00fai Gi\u1ea5y B\u00e1nh M\u00ec: Th\u00e2n Thi\u1ec7n V\u00e0 Ti\u1ec7n L\u1ee3i (SKU:BMD_3810)"},"content":{"rendered":"<h2>Gi\u1edbi thi\u1ec7u v\u1ec1 T\u00fai Gi\u1ea5y B\u00e1nh M\u00ec<\/h2>\n<p><strong>\u0110\u1eb7c \u0111i\u1ec3m n\u1ed5i b\u1eadt c\u1ee7a t\u00fai gi\u1ea5y \u0111\u1ef1ng b\u00e1nh m\u00ec<\/strong><\/p>\n<p>T\u00fai gi\u1ea5y b\u00e1nh m\u00ec l\u00e0 m\u1ed9t s\u1ea3n ph\u1ea9m kh\u00f4ng th\u1ec3 thi\u1ebfu trong cu\u1ed9c s\u1ed1ng h\u00e0ng ng\u00e0y, \u0111\u1eb7c bi\u1ec7t l\u00e0 \u0111\u1ed1i v\u1edbi nh\u1eefng ai y\u00eau th\u00edch v\u0103n h\u00f3a \u1ea9m th\u1ef1c \u0111\u01b0\u1eddng ph\u1ed1 Vi\u1ec7t Nam. \u0110\u01b0\u1ee3c l\u00e0m ho\u00e0n to\u00e0n t\u1eeb gi\u1ea5y an to\u00e0n s\u1eed d\u1ee5ng cho th\u1ef1c ph\u1ea9m, t\u00fai gi\u1ea5y b\u00e1nh m\u00ec kh\u00f4ng ch\u1ec9 \u0111\u1ea3m b\u1ea3o v\u1ec7 sinh m\u00e0 c\u00f2n th\u00e2n thi\u1ec7n v\u1edbi m\u00f4i tr\u01b0\u1eddng. T\u00fai kh\u00f4ng c\u00f3 quai x\u00e1ch, thi\u1ebft k\u1ebf \u0111\u01a1n gi\u1ea3n nh\u01b0ng v\u00f4 c\u00f9ng ti\u1ec7n l\u1ee3i \u0111\u1ec3 \u0111\u1ef1ng m\u1ed9t \u1ed5 b\u00e1nh m\u00ec Vi\u1ec7t Nam chu\u1ea9n k\u00edch c\u1ee1.<\/p>\n<h3>T\u1ea1i sao n\u00ean s\u1eed d\u1ee5ng t\u00fai gi\u1ea5y b\u00e1nh m\u00ec?<\/h3>\n<p>S\u1eed d\u1ee5ng t\u00fai gi\u1ea5y b\u00e1nh m\u00ec mang l\u1ea1i nhi\u1ec1u l\u1ee3i \u00edch kh\u00f4ng ch\u1ec9 cho ng\u01b0\u1eddi ti\u00eau d\u00f9ng m\u00e0 c\u00f2n cho c\u1ea3 c\u00e1c nh\u00e0 b\u00e1n l\u1ebb. Kh\u1ea3 n\u0103ng ph\u00e2n h\u1ee7y sinh h\u1ecdc c\u1ee7a gi\u1ea5y l\u00e0m cho t\u00fai gi\u1ea5y tr\u1edf th\u00e0nh l\u1ef1a ch\u1ecdn thay th\u1ebf l\u00fd t\u01b0\u1edfng cho c\u00e1c lo\u1ea1i t\u00fai nh\u1ef1a, g\u00f3p ph\u1ea7n gi\u1ea3m thi\u1ec3u \u00f4 nhi\u1ec5m m\u00f4i tr\u01b0\u1eddng. H\u01a1n n\u1eefa, k\u00edch th\u01b0\u1edbc ti\u00eau chu\u1ea9n c\u1ee7a t\u00fai l\u00e0 9.5 cm ngang, 24.5 cm cao v\u00e0 r\u1ed9ng 4.5 cm \u1edf hai b\u00ean h\u00f4ng, t\u1ea1o \u0111i\u1ec1u ki\u1ec7n thu\u1eadn l\u1ee3i \u0111\u1ec3 x\u1ebfp g\u1ecdn v\u00e0o c\u00e1c t\u00fai x\u00e1ch hay c\u1ed1p xe m\u00e1y m\u00e0 kh\u00f4ng l\u00e0m \u1ea3nh h\u01b0\u1edfng \u0111\u1ebfn ch\u1ea5t l\u01b0\u1ee3ng b\u00e1nh m\u00ec.<\/p>\n<p><strong>L\u1ee3i \u00edch c\u1ee7a t\u00fai gi\u1ea5y \u0111\u1ed1i v\u1edbi b\u1ea3o qu\u1ea3n b\u00e1nh m\u00ec<\/strong><\/p>\n<p>Kh\u00f4ng ch\u1ec9 l\u00e0 ph\u01b0\u01a1ng ti\u1ec7n \u0111\u1ef1ng b\u00e1nh m\u00ec, t\u00fai gi\u1ea5y c\u00f2n gi\u00fap b\u1ea3o qu\u1ea3n b\u00e1nh m\u00ec t\u1ed1t h\u01a1n. Ch\u1ea5t li\u1ec7u gi\u1ea5y gi\u00fap th\u1ea5m h\u00fat \u0111\u1ed9 \u1ea9m th\u1eeba, t\u1eeb \u0111\u00f3 gi\u1eef cho b\u00e1nh m\u00ec gi\u00f2n l\u00e2u h\u01a1n m\u00e0 kh\u00f4ng b\u1ecb \u1ea9m \u01b0\u1edbt. \u0110i\u1ec1u n\u00e0y l\u00e0 r\u1ea5t quan tr\u1ecdng \u0111\u1ed1i v\u1edbi b\u00e1nh m\u00ec c\u00f3 l\u1edbp v\u1ecf gi\u00f2n \u0111\u1eb7c tr\u01b0ng, v\u1ed1n d\u1ec5 b\u1ecb m\u1ec1m v\u00e0 kh\u00f4ng c\u00f2n ngon khi ti\u1ebfp x\u00fac v\u1edbi kh\u00f4ng kh\u00ed \u1ea9m qu\u00e1 l\u00e2u.<\/p>\n<h3>M\u1ed9t s\u1ed1 th\u00f4ng tin c\u1ea7n bi\u1ebft khi ch\u1ecdn mua t\u00fai gi\u1ea5y b\u00e1nh m\u00ec<\/h3>\n<p>Khi ch\u1ecdn mua t\u00fai gi\u1ea5y b\u00e1nh m\u00ec, ng\u01b0\u1eddi ti\u00eau d\u00f9ng n\u00ean l\u01b0u \u00fd ch\u1ecdn nh\u1eefng s\u1ea3n ph\u1ea9m c\u00f3 ch\u1ee9ng nh\u1eadn an to\u00e0n cho th\u1ef1c ph\u1ea9m \u0111\u1ec3 \u0111\u1ea3m b\u1ea3o s\u1ee9c kh\u1ecfe. Ngo\u00e0i ra, c\u1ea7n ki\u1ec3m tra k\u00edch th\u01b0\u1edbc v\u00e0 ch\u1ea5t l\u01b0\u1ee3ng gi\u1ea5y \u0111\u1ec3 \u0111\u1ea3m b\u1ea3o t\u00fai c\u00f3 th\u1ec3 ch\u1ecbu \u0111\u01b0\u1ee3c tr\u1ecdng l\u01b0\u1ee3ng v\u00e0 nhi\u1ec7t \u0111\u1ed9 c\u1ee7a b\u00e1nh m\u00ec khi c\u00f2n n\u00f3ng m\u00e0 kh\u00f4ng b\u1ecb r\u00e1ch hay th\u1ea5m d\u1ea7u.<\/p>\n","protected":false},"excerpt":{"rendered":"<p>K\u00edch th\u01b0\u1edbc 9.5&#215;4.5x24cm, \u0111\u1ecbnh l\u01b0\u1ee3ng gi\u1ea5y 50gsm. Kh\u00e1m ph\u00e1 t\u00fai gi\u1ea5y b\u00e1nh m\u00ec \u2013 gi\u1ea3i ph\u00e1p l\u00fd t\u01b0\u1edfng \u0111\u1ec3 b\u1ea3o qu\u1ea3n v\u00e0 v\u1eadn chuy\u1ec3n b\u00e1nh m\u00ec Vi\u1ec7t Nam.<\/p>\n","protected":false},"featured_media":767,"template":"","meta":[],"product_brand":[],"product_cat":[72],"product_tag":[],"class_list":{"0":"post-766","1":"product","2":"type-product","3":"status-publish","4":"has-post-thumbnail","6":"product_cat-san-pham-tui-banh-mi","8":"first","9":"instock","10":"virtual","11":"product-type-simple"},"_links":{"self":[{"href":"https:\/\/tuibanhmidep.com\/bai-viet\/wp-json\/wp\/v2\/product\/766","targetHints":{"allow":["GET"]}}],"collection":[{"href":"https:\/\/tuibanhmidep.com\/bai-viet\/wp-json\/wp\/v2\/product"}],"about":[{"href":"https:\/\/tuibanhmidep.com\/bai-viet\/wp-json\/wp\/v2\/types\/product"}],"wp:featuredmedia":[{"embeddable":true,"href":"https:\/\/tuibanhmidep.com\/bai-viet\/wp-json\/wp\/v2\/media\/767"}],"wp:attachment":[{"href":"https:\/\/tuibanhmidep.com\/bai-viet\/wp-json\/wp\/v2\/media?parent=766"}],"wp:term":[{"taxonomy":"product_brand","embeddable":true,"href":"https:\/\/tuibanhmidep.com\/bai-viet\/wp-json\/wp\/v2\/product_brand?post=766"},{"taxonomy":"product_cat","embeddable":true,"href":"https:\/\/tuibanhmidep.com\/bai-viet\/wp-json\/wp\/v2\/product_cat?post=766"},{"taxonomy":"product_tag","embeddable":true,"href":"https:\/\/tuibanhmidep.com\/bai-viet\/wp-json\/wp\/v2\/product_tag?post=766"}],"curies":[{"name":"wp","href":"https:\/\/api.w.org\/{rel}","templated":true}]}}