{"id":758,"date":"2024-04-20T14:14:21","date_gmt":"2024-04-20T07:14:21","guid":{"rendered":"https:\/\/tuibanhmidep.com\/bai-viet\/shop\/in-2000-tui-giay-banh-mi-lua-chon-than-thien-moi-truong-skubmd_671\/"},"modified":"2024-04-20T14:14:21","modified_gmt":"2024-04-20T07:14:21","slug":"in-2000-tui-giay-banh-mi-lua-chon-than-thien-moi-truong-skubmd_671","status":"publish","type":"product","link":"https:\/\/tuibanhmidep.com\/bai-viet\/shop\/in-2000-tui-giay-banh-mi-lua-chon-than-thien-moi-truong-skubmd_671\/","title":{"rendered":"In 2000 T\u00fai Gi\u1ea5y B\u00e1nh M\u00ec: L\u1ef1a Ch\u1ecdn Th\u00e2n Thi\u1ec7n M\u00f4i Tr\u01b0\u1eddng (SKU:BMD_671)"},"content":{"rendered":"<h2>Ti\u1ec7n \u00cdch v\u00e0 Th\u00e2n Thi\u1ec7n M\u00f4i Tr\u01b0\u1eddng<\/h2>\n<p><strong>Gi\u1edbi thi\u1ec7u v\u1ec1 t\u00fai gi\u1ea5y b\u00e1nh m\u00ec<\/strong><\/p>\n<p>Trong th\u1eddi \u0111\u1ea1i ng\u00e0y nay, s\u1ef1 ti\u1ec7n l\u1ee3i k\u1ebft h\u1ee3p v\u1edbi tr\u00e1ch nhi\u1ec7m b\u1ea3o v\u1ec7 m\u00f4i tr\u01b0\u1eddng \u0111ang tr\u1edf th\u00e0nh \u01b0u ti\u00ean h\u00e0ng \u0111\u1ea7u cho ng\u01b0\u1eddi ti\u00eau d\u00f9ng v\u00e0 doanh nghi\u1ec7p. T\u00fai gi\u1ea5y b\u00e1nh m\u00ec, m\u1ed9t gi\u1ea3i ph\u00e1p \u0111\u00f3ng g\u00f3i th\u1ef1c ph\u1ea9m v\u1eeba th\u00e2n thi\u1ec7n v\u1edbi m\u00f4i tr\u01b0\u1eddng, v\u1eeba ti\u1ec7n l\u1ee3i, l\u00e0 minh ch\u1ee9ng cho s\u1ef1 k\u1ebft h\u1ee3p n\u00e0y. \u0110\u01b0\u1ee3c l\u00e0m t\u1eeb gi\u1ea5y an to\u00e0n s\u1eed d\u1ee5ng cho th\u1ef1c ph\u1ea9m, t\u00fai gi\u1ea5y b\u00e1nh m\u00ec kh\u00f4ng ch\u1ec9 \u0111\u1ea3m b\u1ea3o an to\u00e0n khi ti\u1ebfp x\u00fac tr\u1ef1c ti\u1ebfp v\u1edbi th\u1ef1c ph\u1ea9m m\u00e0 c\u00f2n g\u00f3p ph\u1ea7n gi\u1ea3m thi\u1ec3u r\u00e1c th\u1ea3i nh\u1ef1a.<\/p>\n<h3>\u0110\u1eb7c \u0111i\u1ec3m n\u1ed5i b\u1eadt c\u1ee7a t\u00fai gi\u1ea5y b\u00e1nh m\u00ec<\/h3>\n<p>T\u00fai gi\u1ea5y b\u00e1nh m\u00ec \u0111\u01b0\u1ee3c thi\u1ebft k\u1ebf \u0111\u1eb7c bi\u1ec7t \u0111\u1ec3 \u0111\u1ef1ng m\u1ed9t \u1ed5 b\u00e1nh m\u00ec Vi\u1ec7t Nam v\u1edbi k\u00edch th\u01b0\u1edbc chu\u1ea9n l\u00e0 ngang 9.5cm, cao 24.5cm v\u00e0 2 b\u00ean h\u00f4ng r\u1ed9ng 4.5cm. Lo\u1ea1i t\u00fai n\u00e0y kh\u00f4ng c\u00f3 quai x\u00e1ch, thu\u1eadn ti\u1ec7n cho vi\u1ec7c \u0111\u00f3ng g\u00f3i v\u00e0 v\u1eadn chuy\u1ec3n. \u0110\u1eb7c bi\u1ec7t, v\u00ec l\u00e0 s\u1ea3n ph\u1ea9m d\u00f9ng m\u1ed9t l\u1ea7n, t\u00fai gi\u1ea5y b\u00e1nh m\u00ec c\u00f2n gi\u00fap ti\u1ebft ki\u1ec7m th\u1eddi gian cho c\u00e1c c\u1eeda h\u00e0ng b\u00e1nh m\u00ec trong vi\u1ec7c \u0111\u00f3ng g\u00f3i v\u00e0 ph\u1ee5c v\u1ee5 kh\u00e1ch h\u00e0ng.<\/p>\n<h3>An To\u00e0n v\u00e0 Th\u00e2n Thi\u1ec7n<\/h3>\n<p>T\u00fai gi\u1ea5y b\u00e1nh m\u00ec kh\u00f4ng ch\u1ec9 an to\u00e0n v\u1edbi ng\u01b0\u1eddi ti\u00eau d\u00f9ng m\u00e0 c\u00f2n th\u00e2n thi\u1ec7n v\u1edbi m\u00f4i tr\u01b0\u1eddng. Ch\u1ea5t li\u1ec7u gi\u1ea5y \u0111\u01b0\u1ee3c s\u1eed d\u1ee5ng l\u00e0 lo\u1ea1i gi\u1ea5y an to\u00e0n, \u0111\u00e3 qua x\u1eed l\u00fd \u0111\u1ec3 kh\u00f4ng \u1ea3nh h\u01b0\u1edfng \u0111\u1ebfn s\u1ee9c kh\u1ecfe ng\u01b0\u1eddi ti\u00eau d\u00f9ng khi ti\u1ebfp x\u00fac tr\u1ef1c ti\u1ebfp v\u1edbi th\u1ef1c ph\u1ea9m. Ngo\u00e0i ra, t\u00fai gi\u1ea5y n\u00e0y c\u00f2n c\u00f3 th\u1ec3 ph\u00e2n h\u1ee7y sinh h\u1ecdc, gi\u00fap gi\u1ea3m thi\u1ec3u t\u00e1c \u0111\u1ed9ng ti\u00eau c\u1ef1c \u0111\u1ebfn m\u00f4i tr\u01b0\u1eddng so v\u1edbi c\u00e1c lo\u1ea1i bao b\u00ec nh\u1ef1a.<\/p>\n<p><strong>Mang l\u1ea1i l\u1ee3i \u00edch cho c\u1eeda h\u00e0ng v\u00e0 ng\u01b0\u1eddi ti\u00eau d\u00f9ng<\/strong><\/p>\n<p>Vi\u1ec7c s\u1eed d\u1ee5ng t\u00fai gi\u1ea5y b\u00e1nh m\u00ec kh\u00f4ng ch\u1ec9 gi\u00fap c\u00e1c c\u1eeda h\u00e0ng th\u1ec3 hi\u1ec7n cam k\u1ebft b\u1ea3o v\u1ec7 m\u00f4i tr\u01b0\u1eddng m\u00e0 c\u00f2n mang l\u1ea1i h\u00ecnh \u1ea3nh chuy\u00ean nghi\u1ec7p v\u00e0 \u00fd th\u1ee9c c\u1ed9ng \u0111\u1ed3ng. Ng\u01b0\u1eddi ti\u00eau d\u00f9ng ng\u00e0y c\u00e0ng \u01b0u ti\u00ean ch\u1ecdn l\u1ef1a c\u00e1c s\u1ea3n ph\u1ea9m th\u00e2n thi\u1ec7n v\u1edbi m\u00f4i tr\u01b0\u1eddng, v\u00e0 t\u00fai gi\u1ea5y b\u00e1nh m\u00ec ch\u00ednh l\u00e0 m\u1ed9t l\u1ef1a ch\u1ecdn ph\u00f9 h\u1ee3p \u0111\u1ec3 \u0111\u00e1p \u1ee9ng nhu c\u1ea7u n\u00e0y.<\/p>\n","protected":false},"excerpt":{"rendered":"<p>K\u00edch th\u01b0\u1edbc 9.5&#215;4.5x24cm, \u0111\u1ecbnh l\u01b0\u1ee3ng gi\u1ea5y 50gsm. B\u1ea3o v\u1ec7 m\u00f4i tr\u01b0\u1eddng m\u1ed9t c\u00e1ch ti\u1ec7n l\u1ee3i v\u00e0 th\u1eddi trang v\u1edbi t\u00fai gi\u1ea5y b\u00e1nh m\u00ec, s\u1ea3n ph\u1ea9m th\u00e2n thi\u1ec7n v\u1edbi thi\u00ean nhi\u00ean v\u00e0 ho\u00e0n h\u1ea3o \u0111\u1ec3 \u0111\u1ef1ng b\u00e1nh m\u00ec Vi\u1ec7t Nam c\u1ee7a b\u1ea1n.<\/p>\n","protected":false},"featured_media":759,"template":"","meta":[],"product_brand":[],"product_cat":[72],"product_tag":[],"class_list":{"0":"post-758","1":"product","2":"type-product","3":"status-publish","4":"has-post-thumbnail","6":"product_cat-san-pham-tui-banh-mi","8":"first","9":"instock","10":"virtual","11":"product-type-simple"},"_links":{"self":[{"href":"https:\/\/tuibanhmidep.com\/bai-viet\/wp-json\/wp\/v2\/product\/758","targetHints":{"allow":["GET"]}}],"collection":[{"href":"https:\/\/tuibanhmidep.com\/bai-viet\/wp-json\/wp\/v2\/product"}],"about":[{"href":"https:\/\/tuibanhmidep.com\/bai-viet\/wp-json\/wp\/v2\/types\/product"}],"wp:featuredmedia":[{"embeddable":true,"href":"https:\/\/tuibanhmidep.com\/bai-viet\/wp-json\/wp\/v2\/media\/759"}],"wp:attachment":[{"href":"https:\/\/tuibanhmidep.com\/bai-viet\/wp-json\/wp\/v2\/media?parent=758"}],"wp:term":[{"taxonomy":"product_brand","embeddable":true,"href":"https:\/\/tuibanhmidep.com\/bai-viet\/wp-json\/wp\/v2\/product_brand?post=758"},{"taxonomy":"product_cat","embeddable":true,"href":"https:\/\/tuibanhmidep.com\/bai-viet\/wp-json\/wp\/v2\/product_cat?post=758"},{"taxonomy":"product_tag","embeddable":true,"href":"https:\/\/tuibanhmidep.com\/bai-viet\/wp-json\/wp\/v2\/product_tag?post=758"}],"curies":[{"name":"wp","href":"https:\/\/api.w.org\/{rel}","templated":true}]}}