{"id":738,"date":"2024-04-19T01:38:13","date_gmt":"2024-04-18T18:38:13","guid":{"rendered":"https:\/\/tuibanhmidep.com\/bai-viet\/shop\/in-20000-tui-giay-banh-mi-giai-phap-bao-quan-ly-tuong-skubmd_9578\/"},"modified":"2024-04-19T01:38:13","modified_gmt":"2024-04-18T18:38:13","slug":"in-20000-tui-giay-banh-mi-giai-phap-bao-quan-ly-tuong-skubmd_9578","status":"publish","type":"product","link":"https:\/\/tuibanhmidep.com\/bai-viet\/shop\/in-20000-tui-giay-banh-mi-giai-phap-bao-quan-ly-tuong-skubmd_9578\/","title":{"rendered":"In 20000 T\u00fai Gi\u1ea5y B\u00e1nh M\u00ec: Gi\u1ea3i Ph\u00e1p B\u1ea3o Qu\u1ea3n L\u00fd T\u01b0\u1edfng (SKU:BMD_9578)"},"content":{"rendered":"<h2>Gi\u1edbi thi\u1ec7u v\u1ec1 T\u00fai Gi\u1ea5y \u0110\u1ef1ng B\u00e1nh M\u00ec<\/h2>\n<p><strong>\u0110\u1eb7c \u0111i\u1ec3m N\u1ed5i B\u1eadt C\u1ee7a T\u00fai Gi\u1ea5y B\u00e1nh M\u00ec<\/strong><\/p>\n<p>Khi n\u00f3i \u0111\u1ebfn vi\u1ec7c b\u1ea3o qu\u1ea3n b\u00e1nh m\u00ec, kh\u00f4ng g\u00ec v\u01b0\u1ee3t qua \u0111\u01b0\u1ee3c s\u1ef1 ti\u1ec7n l\u1ee3i v\u00e0 hi\u1ec7u qu\u1ea3 c\u1ee7a t\u00fai gi\u1ea5y b\u00e1nh m\u00ec. \u0110\u01b0\u1ee3c l\u00e0m t\u1eeb lo\u1ea1i gi\u1ea5y an to\u00e0n cho th\u1ef1c ph\u1ea9m, t\u00fai gi\u1ea5y n\u00e0y kh\u00f4ng ch\u1ec9 \u0111\u1ea3m b\u1ea3o b\u00e1nh m\u00ec c\u1ee7a b\u1ea1n lu\u00f4n t\u01b0\u01a1i ngon m\u00e0 c\u00f2n g\u00f3p ph\u1ea7n b\u1ea3o v\u1ec7 m\u00f4i tr\u01b0\u1eddng nh\u1edd v\u00e0o kh\u1ea3 n\u0103ng ph\u00e2n h\u1ee7y sinh h\u1ecdc. V\u1edbi k\u00edch th\u01b0\u1edbc chu\u1ea9n l\u00e0 9.5 cm ngang, 24.5 cm cao v\u00e0 4.5 cm r\u1ed9ng \u1edf hai b\u00ean h\u00f4ng, t\u00fai gi\u1ea5y n\u00e0y ph\u00f9 h\u1ee3p ho\u00e0n h\u1ea3o v\u1edbi \u1ed5 b\u00e1nh m\u00ec Vi\u1ec7t Nam truy\u1ec1n th\u1ed1ng.<\/p>\n<h3>Thi\u1ebft K\u1ebf V\u00e0 C\u00f4ng N\u0103ng<\/h3>\n<p>T\u00fai gi\u1ea5y b\u00e1nh m\u00ec \u0111\u01b0\u1ee3c thi\u1ebft k\u1ebf \u0111\u1eb7c bi\u1ec7t \u0111\u1ec3 \u0111\u1ef1ng v\u1eeba v\u1eb7n m\u1ed9t \u1ed5 b\u00e1nh m\u00ec, kh\u00f4ng c\u00f3 quai x\u00e1ch, gi\u00fap thu\u1eadn ti\u1ec7n cho vi\u1ec7c c\u1ea7m n\u1eafm v\u00e0 mang \u0111i m\u00e0 kh\u00f4ng s\u1ee3 l\u00e0m h\u01b0 h\u1ecfng b\u00e1nh. Thi\u1ebft k\u1ebf n\u00e0y c\u0169ng gi\u00fap gi\u1eef nhi\u1ec7t, b\u1ea3o qu\u1ea3n b\u00e1nh m\u00ec \u0111\u01b0\u1ee3c l\u00e2u h\u01a1n v\u00e0 ng\u0103n ng\u1eeba b\u1ee5i b\u1ea9n, \u0111\u1ea3m b\u1ea3o v\u1ec7 sinh th\u1ef1c ph\u1ea9m.<\/p>\n<h3>L\u1ee3i \u00cdch C\u1ee7a Vi\u1ec7c S\u1eed D\u1ee5ng T\u00fai Gi\u1ea5y<\/h3>\n<p>S\u1eed d\u1ee5ng t\u00fai gi\u1ea5y \u0111\u1ec3 b\u1ea3o qu\u1ea3n b\u00e1nh m\u00ec kh\u00f4ng ch\u1ec9 gi\u00fap gi\u1eef cho b\u00e1nh m\u00ec lu\u00f4n t\u01b0\u01a1i m\u1edbi m\u00e0 c\u00f2n l\u00e0 m\u1ed9t gi\u1ea3i ph\u00e1p th\u00e2n thi\u1ec7n v\u1edbi m\u00f4i tr\u01b0\u1eddng. Vi\u1ec7c l\u1ef1a ch\u1ecdn t\u00fai gi\u1ea5y thay v\u00ec c\u00e1c lo\u1ea1i bao b\u00ec nh\u1ef1a l\u00e0 m\u1ed9t b\u01b0\u1edbc ti\u1ebfn quan tr\u1ecdng trong vi\u1ec7c gi\u1ea3m thi\u1ec3u r\u00e1c th\u1ea3i nh\u1ef1a, g\u00f3p ph\u1ea7n v\u00e0o cu\u1ed9c chi\u1ebfn ch\u1ed1ng \u00f4 nhi\u1ec5m m\u00f4i tr\u01b0\u1eddng.<\/p>\n<p><strong>\u0110a D\u1ea1ng C\u00e1c T\u00ean G\u1ecdi V\u00e0 S\u1eed D\u1ee5ng<\/strong><\/p>\n<p>Ngo\u00e0i vi\u1ec7c \u0111\u01b0\u1ee3c g\u1ecdi l\u00e0 t\u00fai gi\u1ea5y b\u00e1nh m\u00ec, s\u1ea3n ph\u1ea9m n\u00e0y c\u00f2n c\u00f3 c\u00e1c t\u00ean g\u1ecdi kh\u00e1c nh\u01b0 bao b\u00e1nh m\u00ec, gi\u1ea5y g\u00f3i b\u00e1nh m\u00ec. M\u1ed7i t\u00ean g\u1ecdi \u0111\u1ec1u ph\u1ea3n \u00e1nh m\u1ed9t kh\u00eda c\u1ea1nh c\u1ee7a vi\u1ec7c s\u1eed d\u1ee5ng ch\u00fang &#8211; kh\u00f4ng ch\u1ec9 l\u00e0 \u0111\u1ef1ng b\u00e1nh m\u00ec m\u00e0 c\u00f2n c\u00f3 th\u1ec3 d\u00f9ng \u0111\u1ec3 g\u00f3i c\u00e1c lo\u1ea1i th\u1ef1c ph\u1ea9m kh\u00e1c, nh\u1ea5n m\u1ea1nh t\u00ednh \u0111a n\u0103ng v\u00e0 thi\u1ebft th\u1ef1c c\u1ee7a s\u1ea3n ph\u1ea9m.<\/p>\n","protected":false},"excerpt":{"rendered":"<p>K\u00edch th\u01b0\u1edbc 9.5&#215;4.5x24cm, \u0111\u1ecbnh l\u01b0\u1ee3ng gi\u1ea5y 50gsm. Kinh nghi\u1ec7m \u0111\u01a1n gi\u1ea3n \u0111\u1ec3 b\u1ea3o qu\u1ea3n b\u00e1nh m\u00ec t\u01b0\u01a1i ngon m\u1ed7i ng\u00e0y v\u1edbi t\u00fai gi\u1ea5y chuy\u00ean d\u1ee5ng.<\/p>\n","protected":false},"featured_media":739,"template":"","meta":[],"product_brand":[],"product_cat":[72],"product_tag":[],"class_list":{"0":"post-738","1":"product","2":"type-product","3":"status-publish","4":"has-post-thumbnail","6":"product_cat-san-pham-tui-banh-mi","8":"first","9":"instock","10":"virtual","11":"product-type-simple"},"_links":{"self":[{"href":"https:\/\/tuibanhmidep.com\/bai-viet\/wp-json\/wp\/v2\/product\/738","targetHints":{"allow":["GET"]}}],"collection":[{"href":"https:\/\/tuibanhmidep.com\/bai-viet\/wp-json\/wp\/v2\/product"}],"about":[{"href":"https:\/\/tuibanhmidep.com\/bai-viet\/wp-json\/wp\/v2\/types\/product"}],"wp:featuredmedia":[{"embeddable":true,"href":"https:\/\/tuibanhmidep.com\/bai-viet\/wp-json\/wp\/v2\/media\/739"}],"wp:attachment":[{"href":"https:\/\/tuibanhmidep.com\/bai-viet\/wp-json\/wp\/v2\/media?parent=738"}],"wp:term":[{"taxonomy":"product_brand","embeddable":true,"href":"https:\/\/tuibanhmidep.com\/bai-viet\/wp-json\/wp\/v2\/product_brand?post=738"},{"taxonomy":"product_cat","embeddable":true,"href":"https:\/\/tuibanhmidep.com\/bai-viet\/wp-json\/wp\/v2\/product_cat?post=738"},{"taxonomy":"product_tag","embeddable":true,"href":"https:\/\/tuibanhmidep.com\/bai-viet\/wp-json\/wp\/v2\/product_tag?post=738"}],"curies":[{"name":"wp","href":"https:\/\/api.w.org\/{rel}","templated":true}]}}