{"id":734,"date":"2024-04-19T00:35:31","date_gmt":"2024-04-18T17:35:31","guid":{"rendered":"https:\/\/tuibanhmidep.com\/bai-viet\/shop\/in-10000-tui-giay-banh-mi-giai-phap-luu-tru-thong-minh-skubmd_3049\/"},"modified":"2024-04-19T00:35:31","modified_gmt":"2024-04-18T17:35:31","slug":"in-10000-tui-giay-banh-mi-giai-phap-luu-tru-thong-minh-skubmd_3049","status":"publish","type":"product","link":"https:\/\/tuibanhmidep.com\/bai-viet\/shop\/in-10000-tui-giay-banh-mi-giai-phap-luu-tru-thong-minh-skubmd_3049\/","title":{"rendered":"In 10000 T\u00fai Gi\u1ea5y B\u00e1nh M\u00ec: Gi\u1ea3i Ph\u00e1p L\u01b0u Tr\u1eef Th\u00f4ng Minh (SKU:BMD_3049)"},"content":{"rendered":"<h2>Kh\u00e1m ph\u00e1 \u1ee8ng D\u1ee5ng Tuy\u1ec7t V\u1eddi c\u1ee7a T\u00fai Gi\u1ea5y B\u00e1nh M\u00ec<\/h2>\n<p><strong>\u0110\u1eb7c \u0111i\u1ec3m n\u1ed5i b\u1eadt c\u1ee7a t\u00fai gi\u1ea5y b\u00e1nh m\u00ec<\/strong><br \/>\nT\u00fai gi\u1ea5y b\u00e1nh m\u00ec \u0111\u01b0\u1ee3c l\u00e0m t\u1eeb lo\u1ea1i gi\u1ea5y an to\u00e0n cho th\u1ef1c ph\u1ea9m, \u0111\u1ea3m b\u1ea3o r\u1eb1ng kh\u00f4ng ch\u1ec9 b\u00e1nh m\u00ec m\u00e0 c\u1ea3 ng\u01b0\u1eddi ti\u00eau d\u00f9ng c\u0169ng \u0111\u01b0\u1ee3c b\u1ea3o v\u1ec7. V\u1edbi k\u00edch th\u01b0\u1edbc chu\u1ea9n l\u00e0 ngang 9.5 cm, cao 24.5 cm v\u00e0 m\u1ed7i b\u00ean h\u00f4ng r\u1ed9ng 4.5 cm, chi\u1ebfc t\u00fai n\u00e0y ph\u00f9 h\u1ee3p ho\u00e0n h\u1ea3o cho m\u1ed9t \u1ed5 b\u00e1nh m\u00ec Vi\u1ec7t Nam, m\u00e0 kh\u00f4ng c\u1ea7n quai x\u00e1ch gi\u00fap d\u1ec5 d\u00e0ng mang \u0111i.<\/p>\n<h3>T\u1ea1i sao n\u00ean s\u1eed d\u1ee5ng t\u00fai gi\u1ea5y cho b\u00e1nh m\u00ec?<\/h3>\n<p>T\u00fai gi\u1ea5y kh\u00f4ng ch\u1ec9 th\u00e2n thi\u1ec7n v\u1edbi m\u00f4i tr\u01b0\u1eddng m\u00e0 c\u00f2n r\u1ea5t ti\u1ec7n l\u1ee3i v\u00e0 d\u1ec5 s\u1eed d\u1ee5ng. N\u00f3 gi\u00fap gi\u1eef cho b\u00e1nh m\u00ec lu\u00f4n t\u01b0\u01a1i ngon v\u00e0 s\u1ea1ch s\u1ebd, tr\u00e1nh \u0111\u01b0\u1ee3c c\u00e1c t\u00e1c nh\u00e2n b\u00ean ngo\u00e0i nh\u01b0 b\u1ee5i b\u1ea9n ho\u1eb7c vi khu\u1ea9n x\u00e2m nh\u1eadp.<\/p>\n<p><strong>Vai tr\u00f2 c\u1ee7a t\u00fai gi\u1ea5y b\u00e1nh m\u00ec trong b\u1ea3o qu\u1ea3n<\/strong><br \/>\nNh\u1edd ch\u1ea5t li\u1ec7u gi\u1ea5y ch\u1ea5t l\u01b0\u1ee3ng cao, t\u00fai gi\u1ea5y b\u00e1nh m\u00ec kh\u00f4ng ch\u1ec9 b\u1ea3o v\u1ec7 b\u00e1nh m\u00ec kh\u1ecfi nh\u1eefng t\u00e1c \u0111\u1ed9ng m\u00f4i tr\u01b0\u1eddng nh\u01b0 \u1ea9m \u01b0\u1edbt, m\u00e0 c\u00f2n gi\u1eef cho h\u01b0\u01a1ng v\u1ecb c\u1ee7a b\u00e1nh \u0111\u01b0\u1ee3c nguy\u00ean v\u1eb9n. M\u1eb7c d\u00f9 t\u00fai kh\u00f4ng \u0103n \u0111\u01b0\u1ee3c nh\u01b0ng n\u00f3 c\u00f3 t\u00e1c d\u1ee5ng l\u1edbn trong vi\u1ec7c b\u1ea3o qu\u1ea3n s\u1ea3n ph\u1ea9m b\u00ean trong.<\/p>\n<h3>\u0110a d\u1ea1ng m\u1eabu m\u00e3 v\u00e0 ti\u1ec7n \u00edch<\/h3>\n<p>M\u1eb7c d\u00f9 thi\u1ebft k\u1ebf c\u01a1 b\u1ea3n c\u1ee7a t\u00fai gi\u1ea5y b\u00e1nh m\u00ec kh\u00e1 \u0111\u01a1n gi\u1ea3n, nh\u01b0ng ng\u01b0\u1eddi d\u00f9ng c\u00f3 th\u1ec3 t\u00ecm th\u1ea5y nhi\u1ec1u bi\u1ebfn th\u1ec3 v\u1ec1 m\u1eabu m\u00e3 v\u1edbi c\u00e1c h\u1ecda ti\u1ebft v\u00e0 m\u00e0u s\u1eafc kh\u00e1c nhau, ph\u00f9 h\u1ee3p v\u1edbi nhi\u1ec1u s\u1edf th\u00edch v\u00e0 m\u1ee5c \u0111\u00edch s\u1eed d\u1ee5ng. \u0110i\u1ec1u n\u00e0y kh\u00f4ng ch\u1ec9 l\u00e0m t\u0103ng t\u00ednh th\u1ea9m m\u1ef9 m\u00e0 c\u00f2n gi\u00fap nh\u1eadn di\u1ec7n th\u01b0\u01a1ng hi\u1ec7u cho c\u00e1c nh\u00e0 s\u1ea3n xu\u1ea5t s\u1eed d\u1ee5ng lo\u1ea1i t\u00fai n\u00e0y.<\/p>\n","protected":false},"excerpt":{"rendered":"<p>K\u00edch th\u01b0\u1edbc 9.5&#215;4.5x24cm, \u0111\u1ecbnh l\u01b0\u1ee3ng gi\u1ea5y 50gsm. Khi n\u00f3i \u0111\u1ebfn b\u1ea3o qu\u1ea3n b\u00e1nh m\u00ec Vi\u1ec7t Nam, kh\u00f4ng g\u00ec t\u1ed1t h\u01a1n t\u00fai gi\u1ea5y b\u00e1nh m\u00ec v\u1eeba an to\u00e0n v\u1eeba ti\u1ec7n l\u1ee3i.<\/p>\n","protected":false},"featured_media":735,"template":"","meta":[],"product_brand":[],"product_cat":[72],"product_tag":[],"class_list":{"0":"post-734","1":"product","2":"type-product","3":"status-publish","4":"has-post-thumbnail","6":"product_cat-san-pham-tui-banh-mi","8":"first","9":"instock","10":"virtual","11":"product-type-simple"},"_links":{"self":[{"href":"https:\/\/tuibanhmidep.com\/bai-viet\/wp-json\/wp\/v2\/product\/734","targetHints":{"allow":["GET"]}}],"collection":[{"href":"https:\/\/tuibanhmidep.com\/bai-viet\/wp-json\/wp\/v2\/product"}],"about":[{"href":"https:\/\/tuibanhmidep.com\/bai-viet\/wp-json\/wp\/v2\/types\/product"}],"wp:featuredmedia":[{"embeddable":true,"href":"https:\/\/tuibanhmidep.com\/bai-viet\/wp-json\/wp\/v2\/media\/735"}],"wp:attachment":[{"href":"https:\/\/tuibanhmidep.com\/bai-viet\/wp-json\/wp\/v2\/media?parent=734"}],"wp:term":[{"taxonomy":"product_brand","embeddable":true,"href":"https:\/\/tuibanhmidep.com\/bai-viet\/wp-json\/wp\/v2\/product_brand?post=734"},{"taxonomy":"product_cat","embeddable":true,"href":"https:\/\/tuibanhmidep.com\/bai-viet\/wp-json\/wp\/v2\/product_cat?post=734"},{"taxonomy":"product_tag","embeddable":true,"href":"https:\/\/tuibanhmidep.com\/bai-viet\/wp-json\/wp\/v2\/product_tag?post=734"}],"curies":[{"name":"wp","href":"https:\/\/api.w.org\/{rel}","templated":true}]}}