{"id":634,"date":"2024-04-16T17:58:56","date_gmt":"2024-04-16T10:58:56","guid":{"rendered":"https:\/\/tuibanhmidep.com\/bai-viet\/shop\/in-7000-tui-giay-banh-mi-bao-quan-mon-viet-ben-vung-skubmd_425\/"},"modified":"2024-04-16T17:58:56","modified_gmt":"2024-04-16T10:58:56","slug":"in-7000-tui-giay-banh-mi-bao-quan-mon-viet-ben-vung-skubmd_425","status":"publish","type":"product","link":"https:\/\/tuibanhmidep.com\/bai-viet\/shop\/in-7000-tui-giay-banh-mi-bao-quan-mon-viet-ben-vung-skubmd_425\/","title":{"rendered":"In 7000 T\u00fai Gi\u1ea5y B\u00e1nh M\u00ec: B\u1ea3o Qu\u1ea3n M\u00f3n Vi\u1ec7t B\u1ec1n V\u1eefng (SKU:BMD_425)"},"content":{"rendered":"<h2>L\u1ef1a Ch\u1ecdn T\u1ed1i \u01afu cho B\u00e1nh M\u00ec Vi\u1ec7t<\/h2>\n<p><strong>T\u1ea1i sao n\u00ean s\u1eed d\u1ee5ng t\u00fai gi\u1ea5y b\u00e1nh m\u00ec?<\/strong><br \/>\nT\u00fai gi\u1ea5y b\u00e1nh m\u00ec \u0111\u01b0\u1ee3c l\u00e0m t\u1eeb gi\u1ea5y an to\u00e0n cho th\u1ef1c ph\u1ea9m, \u0111\u1ea3m b\u1ea3o v\u1ec7 sinh v\u00e0 th\u00e2n thi\u1ec7n v\u1edbi m\u00f4i tr\u01b0\u1eddng. Kh\u00e1c v\u1edbi c\u00e1c lo\u1ea1i bao b\u00ec nh\u1ef1a, t\u00fai gi\u1ea5y kh\u00f4ng ch\u1ec9 gi\u00fap gi\u1ea3m thi\u1ec3u r\u00e1c th\u1ea3i nh\u1ef1a m\u00e0 c\u00f2n t\u00f4n vinh gi\u00e1 tr\u1ecb truy\u1ec1n th\u1ed1ng c\u1ee7a b\u00e1nh m\u00ec Vi\u1ec7t Nam. V\u1edbi k\u00edch th\u01b0\u1edbc \u0111\u01b0\u1ee3c thi\u1ebft k\u1ebf ri\u00eang bi\u1ec7t, m\u1ed7i t\u00fai ch\u1ec9 \u0111\u1ef1ng v\u1eeba v\u1eb7n m\u1ed9t \u1ed5 b\u00e1nh m\u00ec, \u0111\u1ea3m b\u1ea3o gi\u1eef cho b\u00e1nh lu\u00f4n t\u01b0\u01a1i ngon v\u00e0 s\u1ea1ch s\u1ebd trong qu\u00e1 tr\u00ecnh v\u1eadn chuy\u1ec3n hay b\u00e1n h\u00e0ng.<\/p>\n<h3>Th\u00f4ng Tin Chi Ti\u1ebft V\u1ec1 T\u00fai Gi\u1ea5y B\u00e1nh M\u00ec<\/h3>\n<p>K\u00edch th\u01b0\u1edbc ti\u00eau chu\u1ea9n c\u1ee7a t\u00fai gi\u1ea5y b\u00e1nh m\u00ec l\u00e0 9.5 cm ngang, 24.5 cm cao v\u00e0 m\u1edf r\u1ed9ng 4.5 cm \u1edf hai b\u00ean h\u00f4ng, ph\u00f9 h\u1ee3p v\u1edbi h\u1ea7u h\u1ebft c\u00e1c k\u00edch th\u01b0\u1edbc b\u00e1nh m\u00ec Vi\u1ec7t. \u0110i\u1ec1u n\u00e0y l\u00e0m cho t\u00fai gi\u1ea5y tr\u1edf th\u00e0nh s\u1ef1 l\u1ef1a ch\u1ecdn l\u00fd t\u01b0\u1edfng cho c\u00e1c c\u1eeda h\u00e0ng b\u00e1nh m\u00ec v\u00e0 ng\u01b0\u1eddi ti\u00eau d\u00f9ng mu\u1ed1n gi\u1eef g\u00ecn v\u1ebb nguy\u00ean s\u01a1 c\u1ee7a b\u00e1nh m\u00ec m\u00e0 kh\u00f4ng c\u1ea7n \u0111\u1ebfn c\u00e1c lo\u1ea1i bao b\u00ec c\u1ed3ng k\u1ec1nh ho\u1eb7c kh\u00f4ng th\u00e2n thi\u1ec7n v\u1edbi m\u00f4i tr\u01b0\u1eddng.<\/p>\n<h3>C\u00e1c T\u00ean G\u1ecdi Kh\u00e1c C\u1ee7a T\u00fai Gi\u1ea5y B\u00e1nh M\u00ec<\/h3>\n<p>Ngo\u00e0i t\u00ean g\u1ecdi ph\u1ed5 bi\u1ebfn l\u00e0 t\u00fai gi\u1ea5y b\u00e1nh m\u00ec, s\u1ea3n ph\u1ea9m n\u00e0y c\u00f2n \u0111\u01b0\u1ee3c bi\u1ebft \u0111\u1ebfn v\u1edbi nhi\u1ec1u t\u00ean g\u1ecdi kh\u00e1c nh\u01b0 bao b\u00e1nh m\u00ec, gi\u1ea5y g\u00f3i b\u00e1nh m\u00ec, ho\u1eb7c t\u00fai gi\u1ea5y \u0111\u1ef1ng b\u00e1nh m\u00ec. D\u00f9 \u0111\u01b0\u1ee3c g\u1ecdi b\u1eb1ng t\u00ean n\u00e0o, m\u1ee5c \u0111\u00edch s\u1eed d\u1ee5ng c\u1ee7a ch\u00fang v\u1eabn l\u00e0 b\u1ea3o qu\u1ea3n v\u00e0 v\u1eadn chuy\u1ec3n b\u00e1nh m\u00ec m\u1ed9t c\u00e1ch t\u1ed1t nh\u1ea5t.<\/p>\n<p><strong>Th\u00f4ng Tin Quan Tr\u1ecdng Khi S\u1eed D\u1ee5ng T\u00fai Gi\u1ea5y B\u00e1nh M\u00ec<\/strong><br \/>\n\u0110i\u1ec1u quan tr\u1ecdng c\u1ea7n l\u01b0u \u00fd l\u00e0 t\u00fai gi\u1ea5y b\u00e1nh m\u00ec kh\u00f4ng \u0103n \u0111\u01b0\u1ee3c v\u00e0 kh\u00f4ng c\u00f3 quai x\u00e1ch. Do \u0111\u00f3, ng\u01b0\u1eddi s\u1eed d\u1ee5ng c\u1ea7n c\u1ea9n th\u1eadn khi mang theo b\u00e1nh m\u00ec trong t\u00fai gi\u1ea5y \u0111\u1ec3 tr\u00e1nh l\u00e0m r\u00e1ch t\u00fai ho\u1eb7c l\u00e0m h\u1ecfng b\u00e1nh. \u0110\u1ed3ng th\u1eddi, t\u00fai gi\u1ea5y c\u1ea7n \u0111\u01b0\u1ee3c b\u1ea3o qu\u1ea3n n\u01a1i kh\u00f4 r\u00e1o \u0111\u1ec3 tr\u00e1nh \u1ea9m \u01b0\u1edbt c\u00f3 th\u1ec3 l\u00e0m gi\u1ea3m ch\u1ea5t l\u01b0\u1ee3ng c\u1ee7a t\u00fai.<\/p>\n","protected":false},"excerpt":{"rendered":"<p>K\u00edch th\u01b0\u1edbc 9.5&#215;4.5x24cm, \u0111\u1ecbnh l\u01b0\u1ee3ng gi\u1ea5y 50gsm. Kh\u00e1m ph\u00e1 l\u1ef1a ch\u1ecdn th\u00e2n thi\u1ec7n m\u00f4i tr\u01b0\u1eddng cho vi\u1ec7c \u0111\u1ef1ng b\u00e1nh m\u00ec Vi\u1ec7t Nam v\u1edbi t\u00fai gi\u1ea5y b\u00e1nh m\u00ec.<\/p>\n","protected":false},"featured_media":635,"template":"","meta":[],"product_brand":[],"product_cat":[72],"product_tag":[],"class_list":{"0":"post-634","1":"product","2":"type-product","3":"status-publish","4":"has-post-thumbnail","6":"product_cat-san-pham-tui-banh-mi","8":"first","9":"instock","10":"virtual","11":"product-type-simple"},"_links":{"self":[{"href":"https:\/\/tuibanhmidep.com\/bai-viet\/wp-json\/wp\/v2\/product\/634","targetHints":{"allow":["GET"]}}],"collection":[{"href":"https:\/\/tuibanhmidep.com\/bai-viet\/wp-json\/wp\/v2\/product"}],"about":[{"href":"https:\/\/tuibanhmidep.com\/bai-viet\/wp-json\/wp\/v2\/types\/product"}],"wp:featuredmedia":[{"embeddable":true,"href":"https:\/\/tuibanhmidep.com\/bai-viet\/wp-json\/wp\/v2\/media\/635"}],"wp:attachment":[{"href":"https:\/\/tuibanhmidep.com\/bai-viet\/wp-json\/wp\/v2\/media?parent=634"}],"wp:term":[{"taxonomy":"product_brand","embeddable":true,"href":"https:\/\/tuibanhmidep.com\/bai-viet\/wp-json\/wp\/v2\/product_brand?post=634"},{"taxonomy":"product_cat","embeddable":true,"href":"https:\/\/tuibanhmidep.com\/bai-viet\/wp-json\/wp\/v2\/product_cat?post=634"},{"taxonomy":"product_tag","embeddable":true,"href":"https:\/\/tuibanhmidep.com\/bai-viet\/wp-json\/wp\/v2\/product_tag?post=634"}],"curies":[{"name":"wp","href":"https:\/\/api.w.org\/{rel}","templated":true}]}}