{"id":532,"date":"2024-04-13T15:52:11","date_gmt":"2024-04-13T08:52:11","guid":{"rendered":"https:\/\/tuibanhmidep.com\/bai-viet\/shop\/in-3000-tui-giay-dung-banh-mi-giay-kraft-lua-chon-than-thien-voi-moi-truong-va-an-toan-skubmd_4065\/"},"modified":"2024-04-13T15:52:11","modified_gmt":"2024-04-13T08:52:11","slug":"in-3000-tui-giay-dung-banh-mi-giay-kraft-lua-chon-than-thien-voi-moi-truong-va-an-toan-skubmd_4065","status":"publish","type":"product","link":"https:\/\/tuibanhmidep.com\/bai-viet\/shop\/in-3000-tui-giay-dung-banh-mi-giay-kraft-lua-chon-than-thien-voi-moi-truong-va-an-toan-skubmd_4065\/","title":{"rendered":"In 3000 T\u00fai Gi\u1ea5y \u0110\u1ef1ng B\u00e1nh M\u00ec Gi\u1ea5y Kraft: L\u1ef1a Ch\u1ecdn Th\u00e2n Thi\u1ec7n V\u1edbi M\u00f4i Tr\u01b0\u1eddng v\u00e0 An To\u00e0n (SKU:BMD_4065)"},"content":{"rendered":"<h2>L\u1ee3i \u00cdch C\u1ee7a T\u00fai Gi\u1ea5y \u0110\u1ef1ng B\u00e1nh M\u00ec Gi\u1ea5y Kraft<\/h2>\n<p><strong>An To\u00e0n V\u00e0 Th\u00e2n Thi\u1ec7n V\u1edbi M\u00f4i Tr\u01b0\u1eddng<\/strong><\/p>\n<p>T\u00fai gi\u1ea5y \u0111\u1ef1ng b\u00e1nh m\u00ec l\u00e0m t\u1eeb gi\u1ea5y Kraft l\u00e0 m\u1ed9t gi\u1ea3i ph\u00e1p tuy\u1ec7t v\u1eddi cho vi\u1ec7c b\u1ea3o qu\u1ea3n b\u00e1nh m\u00ec m\u1ed9t c\u00e1ch an to\u00e0n. Gi\u1ea5y Kraft, m\u1ed9t lo\u1ea1i gi\u1ea5y chuy\u00ean d\u1ee5ng cho th\u1ef1c ph\u1ea9m, kh\u00f4ng ch\u1ec9 \u0111\u1ea3m b\u1ea3o kh\u00f4ng ch\u1ee9a c\u00e1c h\u00f3a ch\u1ea5t \u0111\u1ed9c h\u1ea1i m\u00e0 c\u00f2n g\u00f3p ph\u1ea7n gi\u1ea3m thi\u1ec3u r\u00e1c th\u1ea3i nh\u1ef1a, h\u01b0\u1edbng t\u1edbi m\u1ed9t t\u01b0\u01a1ng lai b\u1ec1n v\u1eefng h\u01a1n.<\/p>\n<h3>T\u00ednh N\u0103ng V\u01b0\u1ee3t Tr\u1ed9i C\u1ee7a T\u00fai Gi\u1ea5y \u0110\u1ef1ng B\u00e1nh M\u00ec<\/h3>\n<p><strong>Thi\u1ebft K\u1ebf \u0110\u1eb7c Bi\u1ec7t Ph\u00f9 H\u1ee3p V\u1edbi B\u00e1nh M\u00ec Vi\u1ec7t Nam<\/strong><\/p>\n<p>T\u00fai gi\u1ea5y \u0111\u1ef1ng b\u00e1nh m\u00ec c\u00f3 k\u00edch th\u01b0\u1edbc chu\u1ea9n l\u00e0 9.5 cm ngang, 24.5 cm cao v\u00e0 4.5 cm r\u1ed9ng \u1edf m\u1ed7i b\u00ean h\u00f4ng, \u0111\u1eb7c bi\u1ec7t ph\u00f9 h\u1ee3p v\u1edbi k\u00edch th\u01b0\u1edbc c\u1ee7a m\u1ed9t \u1ed5 b\u00e1nh m\u00ec Vi\u1ec7t Nam. T\u00fai kh\u00f4ng c\u00f3 quai x\u00e1ch, \u0111\u01a1n gi\u1ea3n v\u00e0 ti\u1ec7n l\u1ee3i \u0111\u1ec3 c\u1ea5t gi\u1eef v\u00e0 mang \u0111i.<\/p>\n<h3>Mang L\u1ea1i Gi\u1ea3i Ph\u00e1p L\u01b0u Tr\u1eef Th\u1ef1c Ph\u1ea9m B\u1ec1n V\u1eefng<\/h3>\n<p><strong>S\u1eed D\u1ee5ng L\u00e2u D\u00e0i V\u00e0 Ti\u1ebft Ki\u1ec7m Chi Ph\u00ed<\/strong><\/p>\n<p>T\u00fai gi\u1ea5y \u0111\u1ef1ng b\u00e1nh m\u00ec gi\u1ea5y Kraft kh\u00f4ng ch\u1ec9 gi\u00fap b\u1ea3o qu\u1ea3n b\u00e1nh m\u00ec trong \u0111i\u1ec1u ki\u1ec7n t\u1ed1t nh\u1ea5t m\u00e0 c\u00f2n c\u00f3 th\u1ec3 t\u00e1i s\u1eed d\u1ee5ng nhi\u1ec1u l\u1ea7n, gi\u1ea3m thi\u1ec3u chi ph\u00ed v\u00e0 r\u00e1c th\u1ea3i trong sinh ho\u1ea1t h\u00e0ng ng\u00e0y. V\u1edbi kh\u1ea3 n\u0103ng ph\u00e2n h\u1ee7y sinh h\u1ecdc cao, t\u00fai gi\u1ea5y n\u00e0y c\u0169ng d\u1ec5 d\u00e0ng \u0111\u01b0\u1ee3c x\u1eed l\u00fd m\u1ed9t c\u00e1ch th\u00e2n thi\u1ec7n v\u1edbi m\u00f4i tr\u01b0\u1eddng sau khi s\u1eed d\u1ee5ng.<\/p>\n<p>t\u00fai gi\u1ea5y \u0111\u1ef1ng b\u00e1nh m\u00ec, gi\u1ea5y Kraft, th\u00e2n thi\u1ec7n m\u00f4i tr\u01b0\u1eddng, t\u00fai gi\u1ea5y th\u1ef1c ph\u1ea9m, b\u1ea3o v\u1ec7 m\u00f4i tr\u01b0\u1eddng, gi\u1ea3i ph\u00e1p b\u1ec1n v\u1eefng, t\u00fai kh\u00f4ng quai x\u00e1ch, t\u00fai b\u00e1nh m\u00ec an to\u00e0n th\u1ef1c ph\u1ea9m, t\u00fai gi\u1ea5y ti\u1ebft ki\u1ec7m chi ph\u00ed<\/p>\n","protected":false},"excerpt":{"rendered":"<p>K\u00edch th\u01b0\u1edbc 9.5&#215;4.5x24cm, \u0111\u1ecbnh l\u01b0\u1ee3ng gi\u1ea5y 50gsm. T\u00fai gi\u1ea5y \u0111\u1ef1ng b\u00e1nh m\u00ec gi\u1ea5y Kraft kh\u00f4ng ch\u1ec9 an to\u00e0n cho th\u1ef1c ph\u1ea9m m\u00e0 c\u00f2n th\u00e2n thi\u1ec7n v\u1edbi m\u00f4i tr\u01b0\u1eddng, l\u00e0 l\u1ef1a ch\u1ecdn l\u00fd t\u01b0\u1edfng cho nh\u1eefng ai quan t\u00e2m \u0111\u1ebfn s\u1ee9c kh\u1ecfe v\u00e0 b\u1ea3o v\u1ec7 m\u00f4i tr\u01b0\u1eddng.<\/p>\n","protected":false},"featured_media":533,"template":"","meta":[],"product_brand":[],"product_cat":[72],"product_tag":[],"class_list":{"0":"post-532","1":"product","2":"type-product","3":"status-publish","4":"has-post-thumbnail","6":"product_cat-san-pham-tui-banh-mi","8":"first","9":"instock","10":"virtual","11":"product-type-simple"},"_links":{"self":[{"href":"https:\/\/tuibanhmidep.com\/bai-viet\/wp-json\/wp\/v2\/product\/532","targetHints":{"allow":["GET"]}}],"collection":[{"href":"https:\/\/tuibanhmidep.com\/bai-viet\/wp-json\/wp\/v2\/product"}],"about":[{"href":"https:\/\/tuibanhmidep.com\/bai-viet\/wp-json\/wp\/v2\/types\/product"}],"wp:featuredmedia":[{"embeddable":true,"href":"https:\/\/tuibanhmidep.com\/bai-viet\/wp-json\/wp\/v2\/media\/533"}],"wp:attachment":[{"href":"https:\/\/tuibanhmidep.com\/bai-viet\/wp-json\/wp\/v2\/media?parent=532"}],"wp:term":[{"taxonomy":"product_brand","embeddable":true,"href":"https:\/\/tuibanhmidep.com\/bai-viet\/wp-json\/wp\/v2\/product_brand?post=532"},{"taxonomy":"product_cat","embeddable":true,"href":"https:\/\/tuibanhmidep.com\/bai-viet\/wp-json\/wp\/v2\/product_cat?post=532"},{"taxonomy":"product_tag","embeddable":true,"href":"https:\/\/tuibanhmidep.com\/bai-viet\/wp-json\/wp\/v2\/product_tag?post=532"}],"curies":[{"name":"wp","href":"https:\/\/api.w.org\/{rel}","templated":true}]}}