{"id":520,"date":"2024-04-13T12:44:33","date_gmt":"2024-04-13T05:44:33","guid":{"rendered":"https:\/\/tuibanhmidep.com\/bai-viet\/shop\/in-4000-tui-giay-dung-banh-mi-giay-kraft-lua-chon-than-thien-voi-moi-truong-cho-nguoi-tieu-dung-hien-dai-skubmd_787\/"},"modified":"2024-04-13T12:44:33","modified_gmt":"2024-04-13T05:44:33","slug":"in-4000-tui-giay-dung-banh-mi-giay-kraft-lua-chon-than-thien-voi-moi-truong-cho-nguoi-tieu-dung-hien-dai-skubmd_787","status":"publish","type":"product","link":"https:\/\/tuibanhmidep.com\/bai-viet\/shop\/in-4000-tui-giay-dung-banh-mi-giay-kraft-lua-chon-than-thien-voi-moi-truong-cho-nguoi-tieu-dung-hien-dai-skubmd_787\/","title":{"rendered":"In 4000 T\u00fai Gi\u1ea5y \u0110\u1ef1ng B\u00e1nh M\u00ec Gi\u1ea5y Kraft: L\u1ef1a Ch\u1ecdn Th\u00e2n Thi\u1ec7n V\u1edbi M\u00f4i Tr\u01b0\u1eddng Cho Ng\u01b0\u1eddi Ti\u00eau D\u00f9ng Hi\u1ec7n \u0110\u1ea1i (SKU:BMD_787)"},"content":{"rendered":"<h2>Gi\u1edbi thi\u1ec7u v\u1ec1 t\u00fai gi\u1ea5y \u0111\u1ef1ng b\u00e1nh m\u00ec gi\u1ea5y Kraft<\/h2>\n<p><strong>Kh\u00e1m ph\u00e1 s\u1ef1 ti\u1ec7n l\u1ee3i v\u00e0 th\u00e2n thi\u1ec7n c\u1ee7a t\u00fai gi\u1ea5y Kraft<\/strong><br \/>\nT\u00fai gi\u1ea5y \u0111\u1ef1ng b\u00e1nh m\u00ec \u0111\u01b0\u1ee3c l\u00e0m t\u1eeb gi\u1ea5y Kraft kh\u00f4ng ch\u1ec9 l\u00e0 m\u1ed9t l\u1ef1a ch\u1ecdn th\u00e2n thi\u1ec7n v\u1edbi m\u00f4i tr\u01b0\u1eddng m\u00e0 c\u00f2n \u0111\u1ea3m b\u1ea3o s\u1ef1 an to\u00e0n khi ti\u1ebfp x\u00fac v\u1edbi th\u1ef1c ph\u1ea9m. C\u00e1c t\u00fai gi\u1ea5y n\u00e0y th\u01b0\u1eddng kh\u00f4ng c\u00f3 quai x\u00e1ch, thi\u1ebft k\u1ebf \u0111\u01a1n gi\u1ea3n nh\u01b0ng v\u00f4 c\u00f9ng ch\u1eafc ch\u1eafn, c\u00f3 kh\u1ea3 n\u0103ng \u0111\u1ef1ng v\u1eeba v\u1eb7n m\u1ed9t \u1ed5 b\u00e1nh m\u00ec Vi\u1ec7t Nam.<\/p>\n<h3>Th\u00f4ng s\u1ed1 k\u1ef9 thu\u1eadt c\u1ee7a t\u00fai gi\u1ea5y \u0111\u1ef1ng b\u00e1nh m\u00ec<\/h3>\n<p><strong>Th\u00f4ng tin chi ti\u1ebft v\u1ec1 k\u00edch th\u01b0\u1edbc v\u00e0 ch\u1ea5t li\u1ec7u<\/strong><br \/>\nTh\u00f4ng th\u01b0\u1eddng, m\u1ed9t chi\u1ebfc t\u00fai gi\u1ea5y \u0111\u1ef1ng b\u00e1nh m\u00ec c\u00f3 k\u00edch th\u01b0\u1edbc ngang 9.5 cm, cao 24.5 cm v\u00e0 2 b\u00ean h\u00f4ng r\u1ed9ng 4.5 cm. Ch\u1ea5t li\u1ec7u gi\u1ea5y Kraft \u0111\u01b0\u1ee3c s\u1eed d\u1ee5ng \u0111\u1ec3 s\u1ea3n xu\u1ea5t t\u00fai gi\u1ea5y kh\u00f4ng nh\u1eefng \u0111\u1ea3m b\u1ea3o \u0111\u1ed9 b\u1ec1n m\u00e0 c\u00f2n c\u00f3 kh\u1ea3 n\u0103ng ph\u00e2n h\u1ee7y sinh h\u1ecdc, gi\u00fap gi\u1ea3m thi\u1ec3u t\u00e1c \u0111\u1ed9ng ti\u00eau c\u1ef1c \u0111\u1ebfn m\u00f4i tr\u01b0\u1eddng.<\/p>\n<h3>T\u1ea1i sao n\u00ean ch\u1ecdn t\u00fai gi\u1ea5y \u0111\u1ef1ng b\u00e1nh m\u00ec gi\u1ea5y Kraft?<\/h3>\n<p><strong>L\u1ee3i \u00edch khi s\u1eed d\u1ee5ng t\u00fai gi\u1ea5y trong \u0111\u1ef1ng th\u1ef1c ph\u1ea9m<\/strong><br \/>\nS\u1eed d\u1ee5ng t\u00fai gi\u1ea5y \u0111\u1ef1ng b\u00e1nh m\u00ec gi\u1ea5y Kraft gi\u00fap ng\u01b0\u1eddi ti\u00eau d\u00f9ng kh\u00f4ng ch\u1ec9 b\u1ea3o v\u1ec7 s\u1ee9c kh\u1ecfe m\u00e0 c\u00f2n g\u00f3p ph\u1ea7n v\u00e0o vi\u1ec7c b\u1ea3o v\u1ec7 m\u00f4i tr\u01b0\u1eddng. T\u00fai gi\u1ea5y n\u00e0y l\u00e0 m\u1ed9t l\u1ef1a ch\u1ecdn tuy\u1ec7t v\u1eddi cho nh\u1eefng ai mong mu\u1ed1n gi\u1ea3m b\u1edbt l\u01b0\u1ee3ng r\u00e1c th\u1ea3i nh\u1ef1a v\u00e0 c\u00e1c ch\u1ea5t li\u1ec7u kh\u00f3 ph\u00e2n h\u1ee7y kh\u00e1c.<\/p>\n<p><strong>C\u00e1ch b\u1ea3o qu\u1ea3n t\u00fai gi\u1ea5y \u0111\u1ef1ng b\u00e1nh m\u00ec \u0111\u1ec3 t\u00e1i s\u1eed d\u1ee5ng<\/strong><br \/>\n\u0110\u1ec3 k\u00e9o d\u00e0i tu\u1ed5i th\u1ecd c\u1ee7a t\u00fai gi\u1ea5y, ng\u01b0\u1eddi d\u00f9ng n\u00ean b\u1ea3o qu\u1ea3n ch\u00fang n\u01a1i kh\u00f4 r\u00e1o, tr\u00e1nh ti\u1ebfp x\u00fac tr\u1ef1c ti\u1ebfp v\u1edbi n\u01b0\u1edbc ho\u1eb7c c\u00e1c ch\u1ea5t l\u1ecfng kh\u00e1c. T\u00fai gi\u1ea5y c\u00f3 th\u1ec3 t\u00e1i s\u1eed d\u1ee5ng nhi\u1ec1u l\u1ea7n n\u1ebfu \u0111\u01b0\u1ee3c c\u1ea5t gi\u1eef c\u1ea9n th\u1eadn.<\/p>\n<p>t\u00fai gi\u1ea5y \u0111\u1ef1ng b\u00e1nh m\u00ec, t\u00fai gi\u1ea5y Kraft, t\u00fai b\u00e1nh m\u00ec th\u00e2n thi\u1ec7n m\u00f4i tr\u01b0\u1eddng, bao b\u00ec th\u1ef1c ph\u1ea9m, bao b\u00ec gi\u1ea5y Kraft, t\u00fai gi\u1ea5y an to\u00e0n th\u1ef1c ph\u1ea9m<\/p>\n","protected":false},"excerpt":{"rendered":"<p>K\u00edch th\u01b0\u1edbc 9.5&#215;4.5x24cm, \u0111\u1ecbnh l\u01b0\u1ee3ng gi\u1ea5y 50gsm. T\u00fai gi\u1ea5y \u0111\u1ef1ng b\u00e1nh m\u00ec gi\u1ea5y Kraft kh\u00f4ng ch\u1ec9 th\u00e2n thi\u1ec7n v\u1edbi m\u00f4i tr\u01b0\u1eddng m\u00e0 c\u00f2n \u0111\u1ea3m b\u1ea3o an to\u00e0n cho th\u1ef1c ph\u1ea9m, l\u00e0 s\u1ef1 l\u1ef1a ch\u1ecdn l\u00fd t\u01b0\u1edfng cho m\u1ecdi ng\u01b0\u1eddi.<\/p>\n","protected":false},"featured_media":521,"template":"","meta":[],"product_brand":[],"product_cat":[72],"product_tag":[],"class_list":{"0":"post-520","1":"product","2":"type-product","3":"status-publish","4":"has-post-thumbnail","6":"product_cat-san-pham-tui-banh-mi","8":"first","9":"instock","10":"virtual","11":"product-type-simple"},"_links":{"self":[{"href":"https:\/\/tuibanhmidep.com\/bai-viet\/wp-json\/wp\/v2\/product\/520","targetHints":{"allow":["GET"]}}],"collection":[{"href":"https:\/\/tuibanhmidep.com\/bai-viet\/wp-json\/wp\/v2\/product"}],"about":[{"href":"https:\/\/tuibanhmidep.com\/bai-viet\/wp-json\/wp\/v2\/types\/product"}],"wp:featuredmedia":[{"embeddable":true,"href":"https:\/\/tuibanhmidep.com\/bai-viet\/wp-json\/wp\/v2\/media\/521"}],"wp:attachment":[{"href":"https:\/\/tuibanhmidep.com\/bai-viet\/wp-json\/wp\/v2\/media?parent=520"}],"wp:term":[{"taxonomy":"product_brand","embeddable":true,"href":"https:\/\/tuibanhmidep.com\/bai-viet\/wp-json\/wp\/v2\/product_brand?post=520"},{"taxonomy":"product_cat","embeddable":true,"href":"https:\/\/tuibanhmidep.com\/bai-viet\/wp-json\/wp\/v2\/product_cat?post=520"},{"taxonomy":"product_tag","embeddable":true,"href":"https:\/\/tuibanhmidep.com\/bai-viet\/wp-json\/wp\/v2\/product_tag?post=520"}],"curies":[{"name":"wp","href":"https:\/\/api.w.org\/{rel}","templated":true}]}}