{"id":484,"date":"2024-04-12T19:10:44","date_gmt":"2024-04-12T12:10:44","guid":{"rendered":"https:\/\/tuibanhmidep.com\/bai-viet\/shop\/in-100000-tui-giay-dung-banh-mi-giay-kraft-lua-chon-than-thien-moi-truong-cho-tung-o-banh-mi-skubmd_5251\/"},"modified":"2024-04-12T19:10:44","modified_gmt":"2024-04-12T12:10:44","slug":"in-100000-tui-giay-dung-banh-mi-giay-kraft-lua-chon-than-thien-moi-truong-cho-tung-o-banh-mi-skubmd_5251","status":"publish","type":"product","link":"https:\/\/tuibanhmidep.com\/bai-viet\/shop\/in-100000-tui-giay-dung-banh-mi-giay-kraft-lua-chon-than-thien-moi-truong-cho-tung-o-banh-mi-skubmd_5251\/","title":{"rendered":"In 100000 T\u00fai gi\u1ea5y \u0111\u1ef1ng b\u00e1nh m\u00ec gi\u1ea5y Kraft: L\u1ef1a ch\u1ecdn th\u00e2n thi\u1ec7n m\u00f4i tr\u01b0\u1eddng cho t\u1eebng \u1ed5 b\u00e1nh m\u00ec (SKU:BMD_5251)"},"content":{"rendered":"<h2>T\u1ea1i sao ch\u1ecdn t\u00fai gi\u1ea5y \u0111\u1ef1ng b\u00e1nh m\u00ec gi\u1ea5y Kraft?<\/h2>\n<p><strong>L\u1ee3i \u00edch c\u1ee7a gi\u1ea5y Kraft<\/strong><br \/>\nT\u00fai gi\u1ea5y \u0111\u1ef1ng b\u00e1nh m\u00ec l\u00e0m t\u1eeb gi\u1ea5y Kraft kh\u00f4ng ch\u1ec9 \u0111\u1ea3m b\u1ea3o an to\u00e0n cho th\u1ef1c ph\u1ea9m m\u00e0 c\u00f2n g\u00f3p ph\u1ea7n b\u1ea3o v\u1ec7 m\u00f4i tr\u01b0\u1eddng nh\u1edd t\u00ednh t\u00e1i ch\u1ebf cao. Gi\u1ea5y Kraft, v\u1edbi \u0111\u1eb7c t\u00ednh b\u1ec1n v\u00e0 c\u00f3 kh\u1ea3 n\u0103ng ph\u00e2n h\u1ee7y sinh h\u1ecdc, l\u00e0 l\u1ef1a ch\u1ecdn l\u00fd t\u01b0\u1edfng cho nh\u1eefng ai quan t\u00e2m \u0111\u1ebfn v\u1ea5n \u0111\u1ec1 b\u1ea3o v\u1ec7 m\u00f4i tr\u01b0\u1eddng.<\/p>\n<h3>K\u00edch th\u01b0\u1edbc v\u00e0 thi\u1ebft k\u1ebf c\u1ee7a t\u00fai b\u00e1nh m\u00ec<\/h3>\n<p><strong>Th\u00f4ng s\u1ed1 k\u1ef9 thu\u1eadt c\u01a1 b\u1ea3n<\/strong><br \/>\nT\u00fai gi\u1ea5y \u0111\u1ef1ng b\u00e1nh m\u00ec th\u01b0\u1eddng c\u00f3 k\u00edch th\u01b0\u1edbc ngang 9.5cm, cao 24.5cm v\u00e0 s\u00e2u 4.5cm m\u1ed7i b\u00ean, ph\u00f9 h\u1ee3p v\u1edbi k\u00edch th\u01b0\u1edbc ti\u00eau chu\u1ea9n c\u1ee7a m\u1ed9t \u1ed5 b\u00e1nh m\u00ec Vi\u1ec7t Nam. Thi\u1ebft k\u1ebf kh\u00f4ng quai x\u00e1ch gi\u00fap gi\u1ea3m thi\u1ec3u ch\u1ea5t th\u1ea3i v\u00e0 t\u0103ng kh\u1ea3 n\u0103ng t\u00e1i s\u1eed d\u1ee5ng c\u1ee7a s\u1ea3n ph\u1ea9m.<\/p>\n<h3>T\u00ednh n\u0103ng \u01b0u vi\u1ec7t c\u1ee7a t\u00fai gi\u1ea5y \u0111\u1ef1ng b\u00e1nh m\u00ec<\/h3>\n<p><strong>\u0110a d\u1ea1ng c\u00f4ng d\u1ee5ng<\/strong><br \/>\nD\u00f9 kh\u00f4ng c\u00f3 quai x\u00e1ch nh\u01b0ng t\u00fai gi\u1ea5y \u0111\u1ef1ng b\u00e1nh m\u00ec gi\u1ea5y Kraft r\u1ea5t d\u1ec5 s\u1eed d\u1ee5ng v\u00e0 ti\u1ec7n l\u1ee3i trong vi\u1ec7c b\u1ea3o qu\u1ea3n b\u00e1nh m\u00ec, \u0111\u1ea3m b\u1ea3o b\u00e1nh m\u00ec lu\u00f4n gi\u1eef \u0111\u01b0\u1ee3c \u0111\u1ed9 t\u01b0\u01a1i ngon v\u00e0 \u0111\u1ed9 \u1ea9m c\u1ea7n thi\u1ebft. T\u00fai gi\u1ea5y c\u0169ng l\u00e0 gi\u1ea3i ph\u00e1p t\u1ed1i \u01b0u cho vi\u1ec7c \u0111\u1ef1ng c\u00e1c lo\u1ea1i th\u1ef1c ph\u1ea9m kh\u00e1c nh\u01b0 b\u00e1nh quy ho\u1eb7c b\u00e1nh ng\u1ecdt.<\/p>\n<p>t\u00fai gi\u1ea5y \u0111\u1ef1ng b\u00e1nh m\u00ec, gi\u1ea5y Kraft, t\u00fai b\u00e1nh m\u00ec th\u00e2n thi\u1ec7n m\u00f4i tr\u01b0\u1eddng, t\u00fai gi\u1ea5y th\u1ef1c ph\u1ea9m, t\u00fai gi\u1ea5y b\u1ea3o v\u1ec7 m\u00f4i tr\u01b0\u1eddng, t\u00fai gi\u1ea5y kh\u00f4ng quai x\u00e1ch, t\u00fai gi\u1ea5y b\u00e1nh m\u00ec ti\u1ec7n l\u1ee3i, t\u00fai gi\u1ea5y t\u00e1i ch\u1ebf<\/p>\n","protected":false},"excerpt":{"rendered":"<p>K\u00edch th\u01b0\u1edbc 9.5&#215;4.5x24cm, \u0111\u1ecbnh l\u01b0\u1ee3ng gi\u1ea5y 50gsm. Kh\u00e1m ph\u00e1 t\u00ednh b\u1ec1n v\u1eefng v\u00e0 th\u1ef1c ti\u1ec5n c\u1ee7a t\u00fai gi\u1ea5y \u0111\u1ef1ng b\u00e1nh m\u00ec gi\u1ea5y Kraft, m\u1ed9t s\u1ef1 l\u1ef1a ch\u1ecdn an to\u00e0n v\u00e0 th\u00e2n thi\u1ec7n v\u1edbi m\u00f4i tr\u01b0\u1eddng.<\/p>\n","protected":false},"featured_media":485,"template":"","meta":[],"product_brand":[],"product_cat":[72],"product_tag":[],"class_list":{"0":"post-484","1":"product","2":"type-product","3":"status-publish","4":"has-post-thumbnail","6":"product_cat-san-pham-tui-banh-mi","8":"first","9":"instock","10":"virtual","11":"product-type-simple"},"_links":{"self":[{"href":"https:\/\/tuibanhmidep.com\/bai-viet\/wp-json\/wp\/v2\/product\/484","targetHints":{"allow":["GET"]}}],"collection":[{"href":"https:\/\/tuibanhmidep.com\/bai-viet\/wp-json\/wp\/v2\/product"}],"about":[{"href":"https:\/\/tuibanhmidep.com\/bai-viet\/wp-json\/wp\/v2\/types\/product"}],"wp:featuredmedia":[{"embeddable":true,"href":"https:\/\/tuibanhmidep.com\/bai-viet\/wp-json\/wp\/v2\/media\/485"}],"wp:attachment":[{"href":"https:\/\/tuibanhmidep.com\/bai-viet\/wp-json\/wp\/v2\/media?parent=484"}],"wp:term":[{"taxonomy":"product_brand","embeddable":true,"href":"https:\/\/tuibanhmidep.com\/bai-viet\/wp-json\/wp\/v2\/product_brand?post=484"},{"taxonomy":"product_cat","embeddable":true,"href":"https:\/\/tuibanhmidep.com\/bai-viet\/wp-json\/wp\/v2\/product_cat?post=484"},{"taxonomy":"product_tag","embeddable":true,"href":"https:\/\/tuibanhmidep.com\/bai-viet\/wp-json\/wp\/v2\/product_tag?post=484"}],"curies":[{"name":"wp","href":"https:\/\/api.w.org\/{rel}","templated":true}]}}