{"id":476,"date":"2024-04-12T17:06:03","date_gmt":"2024-04-12T10:06:03","guid":{"rendered":"https:\/\/tuibanhmidep.com\/bai-viet\/shop\/in-60000-tui-giay-banh-mi-su-dung-giay-kraft-lua-chon-an-toan-va-than-thien-moi-truong-skubmd_2837\/"},"modified":"2024-04-12T17:06:03","modified_gmt":"2024-04-12T10:06:03","slug":"in-60000-tui-giay-banh-mi-su-dung-giay-kraft-lua-chon-an-toan-va-than-thien-moi-truong-skubmd_2837","status":"publish","type":"product","link":"https:\/\/tuibanhmidep.com\/bai-viet\/shop\/in-60000-tui-giay-banh-mi-su-dung-giay-kraft-lua-chon-an-toan-va-than-thien-moi-truong-skubmd_2837\/","title":{"rendered":"In 60000 T\u00fai Gi\u1ea5y B\u00e1nh M\u00ec S\u1eed D\u1ee5ng Gi\u1ea5y Kraft: L\u1ef1a Ch\u1ecdn An To\u00e0n V\u00e0 Th\u00e2n Thi\u1ec7n M\u00f4i Tr\u01b0\u1eddng (SKU:BMD_2837)"},"content":{"rendered":"<h2>Gi\u1edbi Thi\u1ec7u V\u1ec1 T\u00fai Gi\u1ea5y \u0110\u1ef1ng B\u00e1nh M\u00ec<\/h2>\n<p><strong>Vai Tr\u00f2 C\u1ee7a T\u00fai Gi\u1ea5y B\u00e1nh M\u00ec Trong \u0110\u1eddi S\u1ed1ng H\u00e0ng Ng\u00e0y<\/strong><br \/>\nC\u00e1c t\u00fai gi\u1ea5y b\u00e1nh m\u00ec kh\u00f4ng ch\u1ec9 l\u00e0 m\u1ed9t ph\u01b0\u01a1ng ti\u1ec7n \u0111\u1ec3 ch\u1ee9a \u0111\u1ef1ng th\u1ef1c ph\u1ea9m m\u00e0 c\u00f2n g\u00f3p ph\u1ea7n v\u00e0o vi\u1ec7c b\u1ea3o v\u1ec7 m\u00f4i tr\u01b0\u1eddng. L\u00e0m t\u1eeb gi\u1ea5y Kraft, m\u1ed9t lo\u1ea1i gi\u1ea5y th\u00e2n thi\u1ec7n v\u1edbi m\u00f4i tr\u01b0\u1eddng, t\u00fai gi\u1ea5y b\u00e1nh m\u00ec cung c\u1ea5p m\u1ed9t l\u1ef1a ch\u1ecdn an to\u00e0n v\u00e0 ti\u1ec7n l\u1ee3i cho c\u1ea3 ng\u01b0\u1eddi ti\u00eau d\u00f9ng v\u00e0 c\u00e1c c\u1eeda h\u00e0ng b\u00e1nh m\u00ec. <\/p>\n<h3>L\u1ee3i \u00cdch C\u1ee7a Gi\u1ea5y Kraft \u0110\u1ed1i V\u1edbi T\u00fai \u0110\u1ef1ng B\u00e1nh M\u00ec<\/h3>\n<p>Gi\u1ea5y Kraft \u0111\u01b0\u1ee3c bi\u1ebft \u0111\u1ebfn v\u1edbi kh\u1ea3 n\u0103ng ph\u00e2n h\u1ee7y sinh h\u1ecdc cao v\u00e0 \u0111\u1ed9 b\u1ec1n v\u01b0\u1ee3t tr\u1ed9i, l\u00e0m cho n\u00f3 tr\u1edf th\u00e0nh l\u1ef1a ch\u1ecdn l\u00fd t\u01b0\u1edfng cho c\u00e1c t\u00fai \u0111\u1ef1ng th\u1ef1c ph\u1ea9m nh\u01b0 b\u00e1nh m\u00ec. T\u00fai gi\u1ea5y b\u00e1nh m\u00ec l\u00e0m t\u1eeb gi\u1ea5y Kraft kh\u00f4ng ch\u1ec9 gi\u00fap gi\u1ea3m thi\u1ec3u r\u00e1c th\u1ea3i nh\u1ef1a m\u00e0 c\u00f2n \u0111\u1ea3m b\u1ea3o an to\u00e0n cho th\u1ef1c ph\u1ea9m b\u00ean trong nh\u1edd v\u00e0o t\u00ednh ch\u1ea5t kh\u00f4ng \u0111\u1ed9c h\u1ea1i c\u1ee7a gi\u1ea5y.<\/p>\n<p><strong>Th\u00f4ng Tin K\u00edch Th\u01b0\u1edbc V\u00e0 \u0110\u1eb7c \u0110i\u1ec3m C\u1ee7a T\u00fai Gi\u1ea5y B\u00e1nh M\u00ec<\/strong><br \/>\nTh\u00f4ng th\u01b0\u1eddng, t\u00fai gi\u1ea5y b\u00e1nh m\u00ec c\u00f3 k\u00edch th\u01b0\u1edbc ngang 9.5cm, cao 24.5cm v\u00e0 2 b\u00ean h\u00f4ng r\u1ed9ng 4.5cm, \u0111\u01b0\u1ee3c thi\u1ebft k\u1ebf \u0111\u1ec3 v\u1eeba v\u1eb7n v\u1edbi m\u1ed9t \u1ed5 b\u00e1nh m\u00ec Vi\u1ec7t Nam. T\u00fai n\u00e0y kh\u00f4ng c\u00f3 quai x\u00e1ch, \u0111\u01a1n gi\u1ea3n nh\u01b0ng v\u1eabn \u0111\u1ea3m b\u1ea3o t\u00ednh ti\u1ec7n l\u1ee3i khi s\u1eed d\u1ee5ng.<\/p>\n<h3>C\u00e1c T\u00ean G\u1ecdi Kh\u00e1c C\u1ee7a T\u00fai Gi\u1ea5y B\u00e1nh M\u00ec V\u00e0 S\u1ef1 \u0110a D\u1ea1ng S\u1eed D\u1ee5ng<\/h3>\n<p>Ngo\u00e0i t\u00ean g\u1ecdi l\u00e0 t\u00fai gi\u1ea5y b\u00e1nh m\u00ec, s\u1ea3n ph\u1ea9m n\u00e0y c\u00f2n \u0111\u01b0\u1ee3c bi\u1ebft \u0111\u1ebfn v\u1edbi nhi\u1ec1u t\u00ean g\u1ecdi kh\u00e1c nh\u01b0 bao b\u00e1nh m\u00ec, gi\u1ea5y g\u00f3i b\u00e1nh m\u00ec, hay t\u00fai gi\u1ea5y \u0111\u1ef1ng b\u00e1nh m\u00ec. S\u1ef1 \u0111a d\u1ea1ng n\u00e0y kh\u00f4ng ch\u1ec9 ph\u1ea3n \u00e1nh s\u1ef1 ph\u1ed5 bi\u1ebfn c\u1ee7a t\u00fai gi\u1ea5y trong vi\u1ec7c \u0111\u1ef1ng b\u00e1nh m\u00ec m\u00e0 c\u00f2n trong c\u00e1ch th\u1ee9c m\u1ecdi ng\u01b0\u1eddi nh\u1eadn di\u1ec7n v\u00e0 s\u1eed d\u1ee5ng s\u1ea3n ph\u1ea9m trong cu\u1ed9c s\u1ed1ng h\u00e0ng ng\u00e0y.<\/p>\n<p>t\u00fai gi\u1ea5y b\u00e1nh m\u00ec, gi\u1ea5y Kraft, th\u00e2n thi\u1ec7n m\u00f4i tr\u01b0\u1eddng, an to\u00e0n th\u1ef1c ph\u1ea9m, b\u00e1nh m\u00ec Vi\u1ec7t Nam, b\u1ea3o v\u1ec7 m\u00f4i tr\u01b0\u1eddng, ph\u00e2n h\u1ee7y sinh h\u1ecdc, t\u00fai kh\u00f4ng quai x\u00e1ch<\/p>\n","protected":false},"excerpt":{"rendered":"<p>K\u00edch th\u01b0\u1edbc 9.5&#215;4.5x24cm, \u0111\u1ecbnh l\u01b0\u1ee3ng gi\u1ea5y 50gsm. Kh\u00e1m ph\u00e1 s\u1ef1 ti\u1ec7n l\u1ee3i v\u00e0 th\u00e2n thi\u1ec7n v\u1edbi m\u00f4i tr\u01b0\u1eddng c\u1ee7a t\u00fai gi\u1ea5y b\u00e1nh m\u00ec l\u00e0m t\u1eeb gi\u1ea5y Kraft, m\u1ed9t gi\u1ea3i ph\u00e1p l\u00fd t\u01b0\u1edfng cho vi\u1ec7c \u0111\u1ef1ng b\u00e1nh m\u00ec Vi\u1ec7t Nam.<\/p>\n","protected":false},"featured_media":477,"template":"","meta":[],"product_brand":[],"product_cat":[72],"product_tag":[],"class_list":{"0":"post-476","1":"product","2":"type-product","3":"status-publish","4":"has-post-thumbnail","6":"product_cat-san-pham-tui-banh-mi","8":"first","9":"instock","10":"virtual","11":"product-type-simple"},"_links":{"self":[{"href":"https:\/\/tuibanhmidep.com\/bai-viet\/wp-json\/wp\/v2\/product\/476","targetHints":{"allow":["GET"]}}],"collection":[{"href":"https:\/\/tuibanhmidep.com\/bai-viet\/wp-json\/wp\/v2\/product"}],"about":[{"href":"https:\/\/tuibanhmidep.com\/bai-viet\/wp-json\/wp\/v2\/types\/product"}],"wp:featuredmedia":[{"embeddable":true,"href":"https:\/\/tuibanhmidep.com\/bai-viet\/wp-json\/wp\/v2\/media\/477"}],"wp:attachment":[{"href":"https:\/\/tuibanhmidep.com\/bai-viet\/wp-json\/wp\/v2\/media?parent=476"}],"wp:term":[{"taxonomy":"product_brand","embeddable":true,"href":"https:\/\/tuibanhmidep.com\/bai-viet\/wp-json\/wp\/v2\/product_brand?post=476"},{"taxonomy":"product_cat","embeddable":true,"href":"https:\/\/tuibanhmidep.com\/bai-viet\/wp-json\/wp\/v2\/product_cat?post=476"},{"taxonomy":"product_tag","embeddable":true,"href":"https:\/\/tuibanhmidep.com\/bai-viet\/wp-json\/wp\/v2\/product_tag?post=476"}],"curies":[{"name":"wp","href":"https:\/\/api.w.org\/{rel}","templated":true}]}}