{"id":406,"date":"2024-04-10T13:05:50","date_gmt":"2024-04-10T06:05:50","guid":{"rendered":"https:\/\/tuibanhmidep.com\/bai-viet\/shop\/in-100000-tui-giay-banh-mi-giay-kraft-mot-lua-chon-than-thien-moi-truong-va-an-toan-cho-thuc-pham-skubmd_4275\/"},"modified":"2024-04-10T13:05:50","modified_gmt":"2024-04-10T06:05:50","slug":"in-100000-tui-giay-banh-mi-giay-kraft-mot-lua-chon-than-thien-moi-truong-va-an-toan-cho-thuc-pham-skubmd_4275","status":"publish","type":"product","link":"https:\/\/tuibanhmidep.com\/bai-viet\/shop\/in-100000-tui-giay-banh-mi-giay-kraft-mot-lua-chon-than-thien-moi-truong-va-an-toan-cho-thuc-pham-skubmd_4275\/","title":{"rendered":"In 100000 T\u00fai Gi\u1ea5y B\u00e1nh M\u00ec Gi\u1ea5y Kraft, M\u1ed9t L\u1ef1a Ch\u1ecdn Th\u00e2n Thi\u1ec7n M\u00f4i Tr\u01b0\u1eddng v\u00e0 An To\u00e0n cho Th\u1ef1c Ph\u1ea9m (SKU:BMD_4275)"},"content":{"rendered":"<h2>T\u1ea1i Sao T\u00fai Gi\u1ea5y B\u00e1nh M\u00ec L\u1ea1i Quan Tr\u1ecdng?<\/h2>\n<p><strong>Vai Tr\u00f2 C\u1ee7a T\u00fai Gi\u1ea5y B\u00e1nh M\u00ec<\/strong> kh\u00f4ng ch\u1ec9 gi\u1edbi h\u1ea1n \u1edf vi\u1ec7c \u0111\u1ef1ng b\u00e1nh m\u00ec. N\u00f3 c\u00f2n l\u00e0 m\u1ed9t ph\u1ea7n quan tr\u1ecdng trong vi\u1ec7c b\u1ea3o qu\u1ea3n v\u00e0 gi\u1eef cho b\u00e1nh m\u00ec lu\u00f4n t\u01b0\u01a1i ngon tr\u01b0\u1edbc khi \u0111\u1ebfn tay ng\u01b0\u1eddi ti\u00eau d\u00f9ng. S\u1eed d\u1ee5ng gi\u1ea5y Kraft cho t\u00fai b\u00e1nh m\u00ec kh\u00f4ng nh\u1eefng gi\u00fap t\u0103ng c\u01b0\u1eddng s\u1ef1 an to\u00e0n v\u1ec7 sinh th\u1ef1c ph\u1ea9m m\u00e0 c\u00f2n g\u00f3p ph\u1ea7n b\u1ea3o v\u1ec7 m\u00f4i tr\u01b0\u1eddng nh\u1edd t\u00ednh n\u0103ng d\u1ec5 ph\u00e2n h\u1ee7y c\u1ee7a gi\u1ea5y.<\/p>\n<h3>Th\u00f4ng S\u1ed1 K\u1ef9 Thu\u1eadt C\u1ee7a T\u00fai Gi\u1ea5y B\u00e1nh M\u00ec<\/h3>\n<p>T\u00fai gi\u1ea5y b\u00e1nh m\u00ec th\u01b0\u1eddng c\u00f3 k\u00edch th\u01b0\u1edbc ngang 9.5cm, cao 24.5cm v\u00e0 2 b\u00ean h\u00f4ng r\u1ed9ng 4.5cm, ch\u1ee7 y\u1ebfu \u0111\u01b0\u1ee3c l\u00e0m t\u1eeb gi\u1ea5y Kraft, gi\u1ea5y MG, ho\u1eb7c gi\u1ea5y th\u1ef1c ph\u1ea9m, gi\u1ea5y Fort &#8211; t\u1ea5t c\u1ea3 \u0111\u1ec1u l\u00e0 c\u00e1c lo\u1ea1i gi\u1ea5y an to\u00e0n khi ti\u1ebfp x\u00fac v\u1edbi th\u1ef1c ph\u1ea9m. Lo\u1ea1i t\u00fai n\u00e0y kh\u00f4ng c\u00f3 quai x\u00e1ch v\u00e0 th\u01b0\u1eddng ch\u1ec9 \u0111\u1ef1ng \u0111\u01b0\u1ee3c m\u1ed9t \u1ed5 b\u00e1nh m\u00ec Vi\u1ec7t Nam, \u0111\u1ea3m b\u1ea3o b\u00e1nh m\u00ec \u0111\u01b0\u1ee3c b\u1ea3o qu\u1ea3n t\u1ed1t nh\u1ea5t trong th\u1eddi gian ng\u1eafn.<\/p>\n<h2>L\u1ee3i \u00cdch Khi S\u1eed D\u1ee5ng T\u00fai Gi\u1ea5y B\u00e1nh M\u00ec<\/h2>\n<p><strong>Th\u00e2n Thi\u1ec7n v\u1edbi M\u00f4i Tr\u01b0\u1eddng<\/strong>: Vi\u1ec7c s\u1eed d\u1ee5ng t\u00fai gi\u1ea5y b\u00e1nh m\u00ec gi\u1ea5y Kraft kh\u00f4ng ch\u1ec9 gi\u00fap gi\u1ea3m thi\u1ec3u l\u01b0\u1ee3ng r\u00e1c th\u1ea3i nh\u1ef1a kh\u00f4ng th\u1ec3 ph\u00e2n h\u1ee7y m\u00e0 c\u00f2n th\u1ec3 hi\u1ec7n tr\u00e1ch nhi\u1ec7m v\u1edbi m\u00f4i tr\u01b0\u1eddng v\u00e0 s\u1ee9c kh\u1ecfe c\u1ed9ng \u0111\u1ed3ng. T\u00fai gi\u1ea5y c\u00f3 th\u1ec3 t\u00e1i ch\u1ebf ho\u1eb7c ph\u00e2n h\u1ee7y t\u1ef1 nhi\u00ean, gi\u1ea3m thi\u1ec3u t\u00e1c \u0111\u1ed9ng ti\u00eau c\u1ef1c \u0111\u1ebfn h\u00e0nh tinh.<\/p>\n<p><strong>An To\u00e0n cho Th\u1ef1c Ph\u1ea9m<\/strong>: Kh\u00f4ng gi\u1ed1ng nh\u01b0 c\u00e1c lo\u1ea1i bao b\u00ec nh\u1ef1a c\u00f3 th\u1ec3 ch\u1ee9a ch\u1ea5t \u0111\u1ed9c h\u1ea1i, t\u00fai gi\u1ea5y b\u00e1nh m\u00ec \u0111\u01b0\u1ee3c l\u00e0m t\u1eeb gi\u1ea5y Kraft, MG, ho\u1eb7c gi\u1ea5y th\u1ef1c ph\u1ea9m, \u0111\u1ea3m b\u1ea3o an to\u00e0n tuy\u1ec7t \u0111\u1ed1i cho th\u1ef1c ph\u1ea9m. Lo\u1ea1i gi\u1ea5y n\u00e0y kh\u00f4ng g\u00e2y h\u1ea1i cho s\u1ee9c kh\u1ecfe ng\u01b0\u1eddi ti\u00eau d\u00f9ng v\u00e0 gi\u1eef cho b\u00e1nh m\u00ec lu\u00f4n t\u01b0\u01a1i ngon.<\/p>\n<h3>\u1ee8ng D\u1ee5ng c\u1ee7a T\u00fai Gi\u1ea5y B\u00e1nh M\u00ec Trong \u0110\u1eddi S\u1ed1ng<\/h3>\n<p>T\u00fai gi\u1ea5y b\u00e1nh m\u00ec kh\u00f4ng ch\u1ec9 d\u00f9ng trong c\u00e1c c\u1eeda h\u00e0ng b\u00e1nh m\u00ec. N\u00f3 c\u00f2n c\u00f3 th\u1ec3 s\u1eed d\u1ee5ng trong c\u00e1c s\u1ef1 ki\u1ec7n, ti\u1ec7c t\u00f9ng, ho\u1eb7c l\u00e0m qu\u00e0 t\u1eb7ng. S\u1ef1 \u0111a d\u1ea1ng trong \u1ee9ng d\u1ee5ng c\u1ee7a t\u00fai gi\u1ea5y b\u00e1nh m\u00ec ch\u1ee9ng t\u1ecf gi\u00e1 tr\u1ecb v\u00e0 t\u1ea7m quan tr\u1ecdng c\u1ee7a n\u00f3 trong cu\u1ed9c s\u1ed1ng h\u00e0ng ng\u00e0y.<\/p>\n<p><strong>T\u00fai B\u00e1nh M\u00ec &#8211; Kh\u00f4ng Ch\u1ec9 L\u00e0 M\u1ed9t T\u00fai \u0110\u1ef1ng<\/strong>: T\u00fai b\u00e1nh m\u00ec kh\u00f4ng ch\u1ec9 l\u00e0 m\u1ed9t ph\u01b0\u01a1ng ti\u1ec7n<\/p>\n<p> \u0111\u1ef1ng b\u00e1nh. N\u00f3 c\u00f2n l\u00e0 m\u1ed9t bi\u1ec3u t\u01b0\u1ee3ng c\u1ee7a s\u1ef1 quan t\u00e2m \u0111\u1ebfn m\u00f4i tr\u01b0\u1eddng v\u00e0 s\u1ee9c kh\u1ecfe c\u1ed9ng \u0111\u1ed3ng. Ch\u1ecdn t\u00fai gi\u1ea5y b\u00e1nh m\u00ec kh\u00f4ng ch\u1ec9 gi\u00fap b\u1ea3o qu\u1ea3n b\u00e1nh m\u00ec m\u1ed9t c\u00e1ch t\u1ed1t nh\u1ea5t m\u00e0 c\u00f2n th\u1ec3 hi\u1ec7n s\u1ef1 \u00fd th\u1ee9c v\u00e0 tr\u00e1ch nhi\u1ec7m v\u1edbi m\u00f4i tr\u01b0\u1eddng s\u1ed1ng xung quanh ta.<\/p>\n","protected":false},"excerpt":{"rendered":"<p>K\u00edch th\u01b0\u1edbc 9.5&#215;4.5x24cm, \u0111\u1ecbnh l\u01b0\u1ee3ng gi\u1ea5y 50gsm. T\u00fai gi\u1ea5y b\u00e1nh m\u00ec gi\u1ea5y Kraft, kh\u00f4ng ch\u1ec9 th\u00e2n thi\u1ec7n v\u1edbi m\u00f4i tr\u01b0\u1eddng m\u00e0 c\u00f2n \u0111\u1ea3m b\u1ea3o an to\u00e0n tuy\u1ec7t \u0111\u1ed1i cho th\u1ef1c ph\u1ea9m, tr\u1edf th\u00e0nh s\u1ef1 l\u1ef1a ch\u1ecdn h\u00e0ng \u0111\u1ea7u cho m\u1ecdi c\u1eeda h\u00e0ng b\u00e1nh m\u00ec.<\/p>\n","protected":false},"featured_media":407,"template":"","meta":[],"product_brand":[],"product_cat":[72],"product_tag":[],"class_list":{"0":"post-406","1":"product","2":"type-product","3":"status-publish","4":"has-post-thumbnail","6":"product_cat-san-pham-tui-banh-mi","8":"first","9":"instock","10":"virtual","11":"product-type-simple"},"_links":{"self":[{"href":"https:\/\/tuibanhmidep.com\/bai-viet\/wp-json\/wp\/v2\/product\/406","targetHints":{"allow":["GET"]}}],"collection":[{"href":"https:\/\/tuibanhmidep.com\/bai-viet\/wp-json\/wp\/v2\/product"}],"about":[{"href":"https:\/\/tuibanhmidep.com\/bai-viet\/wp-json\/wp\/v2\/types\/product"}],"wp:featuredmedia":[{"embeddable":true,"href":"https:\/\/tuibanhmidep.com\/bai-viet\/wp-json\/wp\/v2\/media\/407"}],"wp:attachment":[{"href":"https:\/\/tuibanhmidep.com\/bai-viet\/wp-json\/wp\/v2\/media?parent=406"}],"wp:term":[{"taxonomy":"product_brand","embeddable":true,"href":"https:\/\/tuibanhmidep.com\/bai-viet\/wp-json\/wp\/v2\/product_brand?post=406"},{"taxonomy":"product_cat","embeddable":true,"href":"https:\/\/tuibanhmidep.com\/bai-viet\/wp-json\/wp\/v2\/product_cat?post=406"},{"taxonomy":"product_tag","embeddable":true,"href":"https:\/\/tuibanhmidep.com\/bai-viet\/wp-json\/wp\/v2\/product_tag?post=406"}],"curies":[{"name":"wp","href":"https:\/\/api.w.org\/{rel}","templated":true}]}}