{"id":1290,"date":"2024-05-08T09:54:41","date_gmt":"2024-05-08T02:54:41","guid":{"rendered":"https:\/\/tuibanhmidep.com\/bai-viet\/shop\/in-60000-tui-giay-banh-mi-tai-che-ma-bmd_9359-giay-kraft-than-thien-voi-moi-truong\/"},"modified":"2024-05-08T09:54:41","modified_gmt":"2024-05-08T02:54:41","slug":"in-60000-tui-giay-banh-mi-tai-che-ma-bmd_9359-giay-kraft-than-thien-voi-moi-truong","status":"publish","type":"product","link":"https:\/\/tuibanhmidep.com\/bai-viet\/shop\/in-60000-tui-giay-banh-mi-tai-che-ma-bmd_9359-giay-kraft-than-thien-voi-moi-truong\/","title":{"rendered":"In 60000 T\u00fai Gi\u1ea5y B\u00e1nh M\u00ec T\u00e1i Ch\u1ebf (M\u00e3 BMD_9359) &#8211; Gi\u1ea5y Kraft Th\u00e2n Thi\u1ec7n V\u1edbi M\u00f4i Tr\u01b0\u1eddng"},"content":{"rendered":"<h2>T\u00fai Gi\u1ea5y B\u00e1nh M\u00ec T\u00e1i Ch\u1ebf: Gi\u1ea3i Ph\u00e1p \u0110\u00f3ng G\u00f3i An To\u00e0n v\u00e0 Th\u00e2n Thi\u1ec7n V\u1edbi M\u00f4i Tr\u01b0\u1eddng<\/h2>\n<p>T\u00fai gi\u1ea5y b\u00e1nh m\u00ec t\u00e1i ch\u1ebf l\u00e0 s\u1ea3n ph\u1ea9m \u0111\u01b0\u1ee3c \u01b0a chu\u1ed9ng v\u1edbi ng\u01b0\u1eddi ti\u00eau d\u00f9ng nh\u1edd v\u00e0o t\u00ednh an to\u00e0n v\u00e0 th\u00e2n thi\u1ec7n v\u1edbi m\u00f4i tr\u01b0\u1eddng. V\u1edbi ch\u1ea5t li\u1ec7u t\u1eeb gi\u1ea5y Kraft, m\u1ed9t lo\u1ea1i gi\u1ea5y \u0111\u01b0\u1ee3c s\u1ea3n xu\u1ea5t t\u1eeb g\u1ed7 t\u00e1i ch\u1ebf, t\u00fai gi\u1ea5y b\u00e1nh m\u00ec n\u00e0y kh\u00f4ng ch\u1ec9 gi\u00fap b\u1ea3o v\u1ec7 s\u1ea3n ph\u1ea9m b\u00ean trong m\u00e0 c\u00f2n gi\u00fap gi\u1ea3m thi\u1ec3u t\u00e1c \u0111\u1ed9ng \u0111\u1ebfn m\u00f4i tr\u01b0\u1eddng.<\/p>\n<h3>\u0110\u1eb7c \u0110i\u1ec3m C\u1ee7a T\u00fai Gi\u1ea5y B\u00e1nh M\u00ec T\u00e1i Ch\u1ebf<\/h3>\n<p>T\u00fai gi\u1ea5y b\u00e1nh m\u00ec t\u00e1i ch\u1ebf c\u00f3 nh\u1eefng \u0111\u1eb7c \u0111i\u1ec3m sau:<\/p>\n<ul>\n<li><strong>An To\u00e0n S\u1eed D\u1ee5ng Cho Th\u1ef1c Ph\u1ea9m:<\/strong> S\u1ea3n ph\u1ea9m \u0111\u01b0\u1ee3c l\u00e0m t\u1eeb gi\u1ea5y an to\u00e0n cho s\u1ee9c kh\u1ecfe, \u0111\u1ea3m b\u1ea3o an to\u00e0n cho th\u1ef1c ph\u1ea9m b\u00ean trong.<\/li>\n<li><strong>Kh\u00f4ng \u0102n \u0110\u01b0\u1ee3c:<\/strong> V\u1edbi ch\u1ea5t li\u1ec7u gi\u1ea5y, t\u00fai b\u00e1nh m\u00ec kh\u00f4ng ph\u00f9 h\u1ee3p \u0111\u1ec3 \u0103n.<\/li>\n<li><strong>Kh\u00f4ng C\u00f3 Quai X\u00e1ch:<\/strong> Thi\u1ebft k\u1ebf kh\u00f4ng c\u00f3 quai x\u00e1ch, ph\u00f9 h\u1ee3p \u0111\u1ec3 \u0111\u1ef1ng b\u00e1nh m\u00ec v\u00e0 s\u1ea3n ph\u1ea9m t\u01b0\u01a1ng t\u1ef1.<\/li>\n<li><strong>K\u00edch Th\u01b0\u1edbc Ph\u00f9 H\u1ee3p:<\/strong> T\u00fai b\u00e1nh m\u00ec th\u01b0\u1eddng c\u00f3 k\u00edch th\u01b0\u1edbc ngang 9.5cm, cao 24.5cm v\u00e0 2 b\u00ean h\u00f4ng r\u1ed9ng 4.5cm, \u0111\u1ee7 l\u1edbn \u0111\u1ec3 \u0111\u1ef1ng m\u1ed9t \u1ed5 b\u00e1nh m\u00ec Vi\u1ec7t Nam.<\/li>\n<\/ul>\n<h3>\u0110a D\u1ea1ng M\u1eabu M\u00e3 v\u00e0 Ki\u1ec3u D\u00e1ng<\/h3>\n<p>T\u00fai gi\u1ea5y b\u00e1nh m\u00ec t\u00e1i ch\u1ebf kh\u00f4ng ch\u1ec9 \u0111\u01a1n gi\u1ea3n l\u00e0 m\u1ed9t s\u1ea3n ph\u1ea9m \u0111\u00f3ng g\u00f3i, m\u00e0 c\u00f2n l\u00e0 m\u1ed9t ph\u1ea7n c\u1ee7a tr\u1ea3i nghi\u1ec7m mua s\u1eafm. V\u1edbi nhi\u1ec1u m\u1eabu m\u00e3 \u0111\u1ed9c \u0111\u00e1o v\u00e0 \u0111a d\u1ea1ng, ng\u01b0\u1eddi ti\u00eau d\u00f9ng c\u00f3 th\u1ec3 l\u1ef1a ch\u1ecdn t\u00fai ph\u00f9 h\u1ee3p v\u1edbi phong c\u00e1ch v\u00e0 s\u1edf th\u00edch c\u1ee7a m\u00ecnh.<\/p>\n<p>C\u00f9ng v\u1edbi s\u1ef1 th\u00e2n thi\u1ec7n v\u1edbi m\u00f4i tr\u01b0\u1eddng, t\u00fai gi\u1ea5y b\u00e1nh m\u00ec t\u00e1i ch\u1ebf l\u00e0 s\u1ef1 l\u1ef1a ch\u1ecdn t\u1ed1t nh\u1ea5t cho c\u00e1c c\u1eeda h\u00e0ng b\u00e1nh m\u00ec v\u00e0 nh\u00e0 h\u00e0ng mu\u1ed1n ch\u0103m s\u00f3c c\u1ea3 v\u1ec1 m\u00f4i tr\u01b0\u1eddng l\u1eabn s\u1ee9c kh\u1ecfe c\u1ee7a kh\u00e1ch h\u00e0ng.<\/p>\n","protected":false},"excerpt":{"rendered":"<p>K\u00edch th\u01b0\u1edbc 9.5&#215;4.5x24cm, \u0111\u1ecbnh l\u01b0\u1ee3ng gi\u1ea5y 50gsm. T\u00fai gi\u1ea5y b\u00e1nh m\u00ec t\u00e1i ch\u1ebf (m\u00e3 BMD_9359) \u0111\u01b0\u1ee3c l\u00e0m t\u1eeb gi\u1ea5y Kraft th\u00e2n thi\u1ec7n v\u1edbi m\u00f4i tr\u01b0\u1eddng, mang \u0111\u1ebfn nhi\u1ec1u m\u1eabu m\u00e3 \u0111\u1ed9c \u0111\u00e1o v\u00e0 \u0111a d\u1ea1ng, l\u00e0 l\u1ef1a ch\u1ecdn ho\u00e0n h\u1ea3o cho vi\u1ec7c \u0111\u00f3ng g\u00f3i b\u00e1nh m\u00ec m\u1ed9t c\u00e1ch an to\u00e0n v\u00e0 th\u00e2n thi\u1ec7n v\u1edbi m\u00f4i tr\u01b0\u1eddng.<\/p>\n","protected":false},"featured_media":1291,"template":"","meta":[],"product_brand":[],"product_cat":[72],"product_tag":[],"class_list":{"0":"post-1290","1":"product","2":"type-product","3":"status-publish","4":"has-post-thumbnail","6":"product_cat-san-pham-tui-banh-mi","8":"first","9":"instock","10":"virtual","11":"product-type-simple"},"_links":{"self":[{"href":"https:\/\/tuibanhmidep.com\/bai-viet\/wp-json\/wp\/v2\/product\/1290","targetHints":{"allow":["GET"]}}],"collection":[{"href":"https:\/\/tuibanhmidep.com\/bai-viet\/wp-json\/wp\/v2\/product"}],"about":[{"href":"https:\/\/tuibanhmidep.com\/bai-viet\/wp-json\/wp\/v2\/types\/product"}],"wp:featuredmedia":[{"embeddable":true,"href":"https:\/\/tuibanhmidep.com\/bai-viet\/wp-json\/wp\/v2\/media\/1291"}],"wp:attachment":[{"href":"https:\/\/tuibanhmidep.com\/bai-viet\/wp-json\/wp\/v2\/media?parent=1290"}],"wp:term":[{"taxonomy":"product_brand","embeddable":true,"href":"https:\/\/tuibanhmidep.com\/bai-viet\/wp-json\/wp\/v2\/product_brand?post=1290"},{"taxonomy":"product_cat","embeddable":true,"href":"https:\/\/tuibanhmidep.com\/bai-viet\/wp-json\/wp\/v2\/product_cat?post=1290"},{"taxonomy":"product_tag","embeddable":true,"href":"https:\/\/tuibanhmidep.com\/bai-viet\/wp-json\/wp\/v2\/product_tag?post=1290"}],"curies":[{"name":"wp","href":"https:\/\/api.w.org\/{rel}","templated":true}]}}