{"id":1224,"date":"2024-05-07T12:08:48","date_gmt":"2024-05-07T05:08:48","guid":{"rendered":"https:\/\/tuibanhmidep.com\/bai-viet\/shop\/in-10000-tui-giay-banh-mi-eco-friendly-ma-bmd_2089-giay-mg-nhieu-mau-ma-doc-dao-va-da-dang\/"},"modified":"2024-05-07T12:08:48","modified_gmt":"2024-05-07T05:08:48","slug":"in-10000-tui-giay-banh-mi-eco-friendly-ma-bmd_2089-giay-mg-nhieu-mau-ma-doc-dao-va-da-dang","status":"publish","type":"product","link":"https:\/\/tuibanhmidep.com\/bai-viet\/shop\/in-10000-tui-giay-banh-mi-eco-friendly-ma-bmd_2089-giay-mg-nhieu-mau-ma-doc-dao-va-da-dang\/","title":{"rendered":"In 10000 T\u00fai Gi\u1ea5y B\u00e1nh M\u00ec Eco-friendly (M\u00e3 BMD_2089) &#8211; Gi\u1ea5y MG &#8211; Nhi\u1ec1u M\u1eabu M\u00e3 \u0110\u1ed9c \u0110\u00e1o v\u00e0 \u0110a D\u1ea1ng"},"content":{"rendered":"<h2>Gi\u1edbi Thi\u1ec7u V\u1ec1 T\u00fai Gi\u1ea5y B\u00e1nh M\u00ec Eco-friendly (M\u00e3 BMD_2089)<\/h2>\n<p>T\u00fai gi\u1ea5y b\u00e1nh m\u00ec m\u00e3 BMD_2089 l\u00e0 l\u1ef1a ch\u1ecdn ho\u00e0n h\u1ea3o cho vi\u1ec7c \u0111\u1ef1ng b\u00e1nh m\u00ec, \u0111\u01b0\u1ee3c l\u00e0m t\u1eeb gi\u1ea5y MG an to\u00e0n cho th\u1ef1c ph\u1ea9m v\u00e0 th\u00e2n thi\u1ec7n v\u1edbi m\u00f4i tr\u01b0\u1eddng. V\u1edbi nhi\u1ec1u m\u1eabu m\u00e3 \u0111\u1ed9c \u0111\u00e1o v\u00e0 \u0111a d\u1ea1ng, t\u00fai gi\u1ea5y n\u00e0y kh\u00f4ng ch\u1ec9 l\u00e0 ph\u01b0\u01a1ng ti\u1ec7n \u0111\u1ef1ng b\u00e1nh m\u00ec m\u00e0 c\u00f2n l\u00e0 s\u1ea3n ph\u1ea9m th\u1ec3 hi\u1ec7n phong c\u00e1ch v\u00e0 c\u00e1 nh\u00e2n h\u00f3a cho doanh nghi\u1ec7p ho\u1eb7c c\u00e1 nh\u00e2n s\u1eed d\u1ee5ng.<\/p>\n<h3>\u0110\u1eb7c \u0110i\u1ec3m C\u1ee7a T\u00fai Gi\u1ea5y B\u00e1nh M\u00ec Eco-friendly<\/h3>\n<ul>\n<li>T\u00fai gi\u1ea5y \u0111\u01b0\u1ee3c l\u00e0m t\u1eeb gi\u1ea5y MG an to\u00e0n cho th\u1ef1c ph\u1ea9m, \u0111\u1ea3m b\u1ea3o an to\u00e0n cho s\u1ee9c kh\u1ecfe c\u1ee7a ng\u01b0\u1eddi ti\u00eau d\u00f9ng.<\/li>\n<li>T\u00fai gi\u1ea5y b\u00e1nh m\u00ec kh\u00f4ng \u0103n \u0111\u01b0\u1ee3c, gi\u00fap b\u1ea3o qu\u1ea3n b\u00e1nh m\u00ec m\u1ed9t c\u00e1ch an to\u00e0n v\u00e0 s\u1ea1ch s\u1ebd.<\/li>\n<li>Kh\u00f4ng c\u00f3 quai x\u00e1ch, gi\u00fap d\u1ec5 d\u00e0ng \u0111\u1ef1ng v\u00e0 mang theo b\u00e1nh m\u00ec m\u1ed9t c\u00e1ch ti\u1ec7n l\u1ee3i.<\/li>\n<li>Ch\u1ec9 \u0111\u1ef1ng \u0111\u01b0\u1ee3c 1 \u1ed5 b\u00e1nh m\u00ec Vi\u1ec7t Nam v\u1edbi k\u00edch th\u01b0\u1edbc ti\u00eau chu\u1ea9n.<\/li>\n<li>K\u00edch th\u01b0\u1edbc th\u00f4ng th\u01b0\u1eddng c\u1ee7a t\u00fai b\u00e1nh m\u00ec l\u00e0 ngang 9.5cm, cao 24.5cm v\u00e0 2 b\u00ean h\u00f4ng r\u1ed9ng 4.5cm, ph\u00f9 h\u1ee3p v\u1edbi k\u00edch th\u01b0\u1edbc chu\u1ea9n c\u1ee7a b\u00e1nh m\u00ec.<\/li>\n<li>C\u00f2n \u0111\u01b0\u1ee3c bi\u1ebft \u0111\u1ebfn v\u1edbi c\u00e1c t\u00ean g\u1ecdi kh\u00e1c nh\u01b0 bao b\u00e1nh m\u00ec, gi\u1ea5y g\u00f3i b\u00e1nh m\u00ec, t\u00fai gi\u1ea5y \u0111\u1ef1ng b\u00e1nh m\u00ec.<\/li>\n<\/ul>\n<p><strong>Nh\u1ea5n M\u1ea1nh V\u1ec1 T\u00ednh Th\u00e2n Thi\u1ec7n V\u1edbi M\u00f4i Tr\u01b0\u1eddng<\/strong><\/p>\n<p>Vi\u1ec7c s\u1eed d\u1ee5ng t\u00fai gi\u1ea5y b\u00e1nh m\u00ec eco-friendly kh\u00f4ng ch\u1ec9 l\u00e0 s\u1ef1 l\u1ef1a ch\u1ecdn th\u00f4ng minh cho doanh nghi\u1ec7p m\u00e0 c\u00f2n l\u00e0 c\u00e1ch \u0111\u1ec3 ch\u00fang ta \u0111\u00f3ng g\u00f3p v\u00e0o vi\u1ec7c b\u1ea3o v\u1ec7 m\u00f4i tr\u01b0\u1eddng. B\u1eb1ng c\u00e1ch ch\u1ecdn t\u00fai gi\u1ea5y \u0111\u01b0\u1ee3c l\u00e0m t\u1eeb nguy\u00ean li\u1ec7u t\u00e1i ch\u1ebf v\u00e0 c\u00f3 kh\u1ea3 n\u0103ng ph\u00e2n h\u1ee7y sinh h\u1ecdc, ch\u00fang ta gi\u00fap gi\u1ea3m thi\u1ec3u l\u01b0\u1ee3ng r\u00e1c th\u1ea3i nh\u1ef1a v\u00e0 b\u1ea3o v\u1ec7 c\u00e1c ngu\u1ed3n t\u00e0i nguy\u00ean thi\u00ean nhi\u00ean.<\/p>\n<h3>M\u1eabu M\u00e3 \u0110a D\u1ea1ng v\u00e0 \u0110\u1ed9c \u0110\u00e1o<\/h3>\n<p>V\u1edbi nhi\u1ec1u m\u1eabu m\u00e3 \u0111\u1ed9c \u0111\u00e1o v\u00e0 \u0111a d\u1ea1ng, t\u00fai gi\u1ea5y b\u00e1nh m\u00ec eco-friendly kh\u00f4ng ch\u1ec9 l\u00e0 ph\u01b0\u01a1ng ti\u1ec7n \u0111\u1ef1ng b\u00e1nh m\u00ec m\u00e0 c\u00f2n l\u00e0 s\u1ea3n ph\u1ea9m th\u1ec3 hi\u1ec7n phong c\u00e1ch v\u00e0 c\u00e1 nh\u00e2n h\u00f3a cho doanh nghi\u1ec7p ho\u1eb7c c\u00e1 nh\u00e2n s\u1eed d\u1ee5ng.<\/p>\n<p>Cho d\u00f9 b\u1ea1n l\u00e0 m\u1ed9t c\u1eeda h\u00e0ng b\u00e1nh m\u00ec \u0111\u1ecba ph\u01b0\u01a1ng, m\u1ed9t qu\u00e1n c\u00e0 ph\u00ea nh\u1ecf, hay m\u1ed9t doanh nghi\u1ec7p l\u1edbn mu\u1ed1n t\u1ea1o \u1ea5n t\u01b0\u1ee3ng v\u1edbi kh\u00e1ch h\u00e0ng th\u00f4ng qua vi\u1ec7c \u0111\u00f3ng g\u00f3i s\u1ea3n ph\u1ea9m, t\u00fai gi\u1ea5y b\u00e1nh m\u00ec eco-friendly m\u00e3 BMD_2089 s\u1ebd l\u00e0 l\u1ef1a ch\u1ecdn ho\u00e0n h\u1ea3o \u0111\u1ec3 th\u1ec3 hi\u1ec7n s\u1ef1 chuy\u00ean nghi\u1ec7p v\u00e0 s\u1ef1 quan t\u00e2m \u0111\u1ebfn m\u00f4i tr\u01b0\u1eddng.<\/p>\n","protected":false},"excerpt":{"rendered":"<p>K\u00edch th\u01b0\u1edbc 9.5&#215;4.5x24cm, \u0111\u1ecbnh l\u01b0\u1ee3ng gi\u1ea5y 50gsm. <\/p>\n","protected":false},"featured_media":1225,"template":"","meta":[],"product_brand":[],"product_cat":[72],"product_tag":[],"class_list":{"0":"post-1224","1":"product","2":"type-product","3":"status-publish","4":"has-post-thumbnail","6":"product_cat-san-pham-tui-banh-mi","8":"first","9":"instock","10":"virtual","11":"product-type-simple"},"_links":{"self":[{"href":"https:\/\/tuibanhmidep.com\/bai-viet\/wp-json\/wp\/v2\/product\/1224","targetHints":{"allow":["GET"]}}],"collection":[{"href":"https:\/\/tuibanhmidep.com\/bai-viet\/wp-json\/wp\/v2\/product"}],"about":[{"href":"https:\/\/tuibanhmidep.com\/bai-viet\/wp-json\/wp\/v2\/types\/product"}],"wp:featuredmedia":[{"embeddable":true,"href":"https:\/\/tuibanhmidep.com\/bai-viet\/wp-json\/wp\/v2\/media\/1225"}],"wp:attachment":[{"href":"https:\/\/tuibanhmidep.com\/bai-viet\/wp-json\/wp\/v2\/media?parent=1224"}],"wp:term":[{"taxonomy":"product_brand","embeddable":true,"href":"https:\/\/tuibanhmidep.com\/bai-viet\/wp-json\/wp\/v2\/product_brand?post=1224"},{"taxonomy":"product_cat","embeddable":true,"href":"https:\/\/tuibanhmidep.com\/bai-viet\/wp-json\/wp\/v2\/product_cat?post=1224"},{"taxonomy":"product_tag","embeddable":true,"href":"https:\/\/tuibanhmidep.com\/bai-viet\/wp-json\/wp\/v2\/product_tag?post=1224"}],"curies":[{"name":"wp","href":"https:\/\/api.w.org\/{rel}","templated":true}]}}