{"id":1206,"date":"2024-05-07T11:34:40","date_gmt":"2024-05-07T04:34:40","guid":{"rendered":"https:\/\/tuibanhmidep.com\/bai-viet\/shop\/in-10000-bao-goi-banh-mi-the-hien-dang-cap-ma-bmd_9718-giay-thuc-pham-nhieu-mau-da-dang-phong-phu\/"},"modified":"2024-05-07T11:34:40","modified_gmt":"2024-05-07T04:34:40","slug":"in-10000-bao-goi-banh-mi-the-hien-dang-cap-ma-bmd_9718-giay-thuc-pham-nhieu-mau-da-dang-phong-phu","status":"publish","type":"product","link":"https:\/\/tuibanhmidep.com\/bai-viet\/shop\/in-10000-bao-goi-banh-mi-the-hien-dang-cap-ma-bmd_9718-giay-thuc-pham-nhieu-mau-da-dang-phong-phu\/","title":{"rendered":"In 10000 Bao G\u00f3i B\u00e1nh M\u00ec Th\u1ec3 Hi\u1ec7n \u0110\u1eb3ng C\u1ea5p (M\u00e3 BMD_9718) Gi\u1ea5y Th\u1ef1c Ph\u1ea9m &#8211; Nhi\u1ec1u M\u1eabu \u0110a D\u1ea1ng Phong Ph\u00fa"},"content":{"rendered":"<h2>T\u00fai Gi\u1ea5y \u0110\u1ef1ng B\u00e1nh M\u00ec &#8211; Ph\u1ea7n M\u1edf \u0110\u1ea7u<\/h2>\n<p>T\u00fai gi\u1ea5y \u0111\u1ef1ng b\u00e1nh m\u00ec, c\u00f2n \u0111\u01b0\u1ee3c bi\u1ebft \u0111\u1ebfn v\u1edbi nhi\u1ec1u t\u00ean g\u1ecdi nh\u01b0 bao b\u00e1nh m\u00ec, gi\u1ea5y g\u00f3i b\u00e1nh m\u00ec, l\u00e0 m\u1ed9t ph\u1ea7n kh\u00f4ng th\u1ec3 thi\u1ebfu trong vi\u1ec7c \u0111\u00f3ng g\u00f3i v\u00e0 b\u1ea3o qu\u1ea3n b\u00e1nh m\u00ec. V\u1edbi ch\u1ea5t li\u1ec7u t\u1eeb gi\u1ea5y an to\u00e0n s\u1eed d\u1ee5ng cho th\u1ef1c ph\u1ea9m, t\u00fai b\u00e1nh m\u00ec \u0111\u1ea3m b\u1ea3o an to\u00e0n v\u1ec7 sinh cho s\u1ea3n ph\u1ea9m b\u00ean trong.<\/p>\n<h3>\u0110\u1eb7c \u0110i\u1ec3m C\u1ee7a T\u00fai Gi\u1ea5y \u0110\u1ef1ng B\u00e1nh M\u00ec<\/h3>\n<p>T\u00fai b\u00e1nh m\u00ec th\u01b0\u1eddng c\u00f3 k\u00edch th\u01b0\u1edbc ngang 9.5cm, cao 24.5cm v\u00e0 c\u00f3 hai b\u00ean h\u00f4ng r\u1ed9ng 4.5cm, ph\u00f9 h\u1ee3p v\u1edbi k\u00edch th\u01b0\u1edbc chu\u1ea9n c\u1ee7a \u1ed5 b\u00e1nh m\u00ec Vi\u1ec7t Nam. Ch\u00fang kh\u00f4ng c\u00f3 quai x\u00e1ch nh\u01b0 c\u00e1c lo\u1ea1i t\u00fai kh\u00e1c, t\u1ea1o \u0111i\u1ec3m nh\u1ea5n ri\u00eang bi\u1ec7t v\u00e0 ti\u1ec7n l\u1ee3i cho vi\u1ec7c \u0111\u00f3ng g\u00f3i v\u00e0 mang theo b\u00e1nh m\u00ec.<\/p>\n<p><strong>T\u00fai gi\u1ea5y \u0111\u1ef1ng b\u00e1nh m\u00ec:<\/strong><br \/>\n&#8211; L\u00e0m t\u1eeb gi\u1ea5y an to\u00e0n s\u1eed d\u1ee5ng cho th\u1ef1c ph\u1ea9m<br \/>\n&#8211; Kh\u00f4ng \u0103n \u0111\u01b0\u1ee3c, \u0111\u1ea3m b\u1ea3o an to\u00e0n cho ng\u01b0\u1eddi ti\u00eau d\u00f9ng<br \/>\n&#8211; Kh\u00f4ng c\u00f3 quai x\u00e1ch, ph\u00f9 h\u1ee3p cho vi\u1ec7c \u0111\u00f3ng g\u00f3i v\u00e0 b\u1ea3o qu\u1ea3n b\u00e1nh m\u00ec<br \/>\n&#8211; Ch\u1ec9 \u0111\u1ef1ng \u0111\u01b0\u1ee3c 1 \u1ed5 b\u00e1nh m\u00ec Vi\u1ec7t Nam v\u1edbi k\u00edch th\u01b0\u1edbc chu\u1ea9n<\/p>\n<h3>S\u1ef1 \u0110a D\u1ea1ng v\u00e0 Phong Ph\u00fa trong M\u1eabu M\u00e3<\/h3>\n<p>M\u1ed9t \u0111i\u1ec3m n\u1ed5i b\u1eadt c\u1ee7a t\u00fai gi\u1ea5y \u0111\u1ef1ng b\u00e1nh m\u00ec l\u00e0 s\u1ef1 \u0111a d\u1ea1ng v\u00e0 phong ph\u00fa trong m\u1eabu m\u00e3. T\u1eeb c\u00e1c m\u00e0u s\u1eafc t\u01b0\u01a1i s\u00e1ng \u0111\u1ebfn c\u00e1c h\u1ecda ti\u1ebft trang tr\u00ed \u0111\u1ed9c \u0111\u00e1o, c\u00e1c c\u1eeda h\u00e0ng c\u00f3 th\u1ec3 ch\u1ecdn l\u1ef1a t\u00fai b\u00e1nh m\u00ec ph\u1ea3n \u00e1nh phong c\u00e1ch v\u00e0 th\u01b0\u01a1ng hi\u1ec7u ri\u00eang c\u1ee7a m\u00ecnh.<\/p>\n<p>T\u00fai gi\u1ea5y \u0111\u1ef1ng b\u00e1nh m\u00ec kh\u00f4ng ch\u1ec9 l\u00e0 ph\u1ea7n thi\u1ebft y\u1ebfu trong vi\u1ec7c b\u1ea3o qu\u1ea3n v\u00e0 b\u1ea3o v\u1ec7 s\u1ea3n ph\u1ea9m m\u00e0 c\u00f2n l\u00e0 m\u1ed9t c\u00e1ch th\u1ec3 hi\u1ec7n \u0111\u1eb3ng c\u1ea5p v\u00e0 s\u1ef1 chuy\u00ean nghi\u1ec7p c\u1ee7a c\u1eeda h\u00e0ng, nh\u00e0 h\u00e0ng, hay qu\u00e1n b\u00e1nh m\u00ec.<\/p>\n","protected":false},"excerpt":{"rendered":"<p>K\u00edch th\u01b0\u1edbc 9.5&#215;4.5x24cm, \u0111\u1ecbnh l\u01b0\u1ee3ng gi\u1ea5y 50gsm. <\/p>\n","protected":false},"featured_media":1207,"template":"","meta":[],"product_brand":[],"product_cat":[72],"product_tag":[],"class_list":{"0":"post-1206","1":"product","2":"type-product","3":"status-publish","4":"has-post-thumbnail","6":"product_cat-san-pham-tui-banh-mi","8":"first","9":"instock","10":"virtual","11":"product-type-simple"},"_links":{"self":[{"href":"https:\/\/tuibanhmidep.com\/bai-viet\/wp-json\/wp\/v2\/product\/1206","targetHints":{"allow":["GET"]}}],"collection":[{"href":"https:\/\/tuibanhmidep.com\/bai-viet\/wp-json\/wp\/v2\/product"}],"about":[{"href":"https:\/\/tuibanhmidep.com\/bai-viet\/wp-json\/wp\/v2\/types\/product"}],"wp:featuredmedia":[{"embeddable":true,"href":"https:\/\/tuibanhmidep.com\/bai-viet\/wp-json\/wp\/v2\/media\/1207"}],"wp:attachment":[{"href":"https:\/\/tuibanhmidep.com\/bai-viet\/wp-json\/wp\/v2\/media?parent=1206"}],"wp:term":[{"taxonomy":"product_brand","embeddable":true,"href":"https:\/\/tuibanhmidep.com\/bai-viet\/wp-json\/wp\/v2\/product_brand?post=1206"},{"taxonomy":"product_cat","embeddable":true,"href":"https:\/\/tuibanhmidep.com\/bai-viet\/wp-json\/wp\/v2\/product_cat?post=1206"},{"taxonomy":"product_tag","embeddable":true,"href":"https:\/\/tuibanhmidep.com\/bai-viet\/wp-json\/wp\/v2\/product_tag?post=1206"}],"curies":[{"name":"wp","href":"https:\/\/api.w.org\/{rel}","templated":true}]}}