{"id":1140,"date":"2024-05-07T06:21:08","date_gmt":"2024-05-06T23:21:08","guid":{"rendered":"https:\/\/tuibanhmidep.com\/bai-viet\/shop\/in-40000-tui-giay-banh-mi-ma-bmd_8595-giay-thuc-pham-theo-yeu-cau\/"},"modified":"2024-05-07T06:21:08","modified_gmt":"2024-05-06T23:21:08","slug":"in-40000-tui-giay-banh-mi-ma-bmd_8595-giay-thuc-pham-theo-yeu-cau","status":"publish","type":"product","link":"https:\/\/tuibanhmidep.com\/bai-viet\/shop\/in-40000-tui-giay-banh-mi-ma-bmd_8595-giay-thuc-pham-theo-yeu-cau\/","title":{"rendered":"In 40000 T\u00fai Gi\u1ea5y B\u00e1nh M\u00ec (M\u00e3 BMD_8595) Gi\u1ea5y Th\u1ef1c Ph\u1ea9m &#8211; Theo Y\u00eau C\u1ea7u"},"content":{"rendered":"<h2>T\u00fai Gi\u1ea5y B\u00e1nh M\u00ec (M\u00e3 BMD_8595) Gi\u1ea5y Th\u1ef1c Ph\u1ea9m &#8211; Theo Y\u00eau C\u1ea7u<\/h2>\n<p>T\u00fai gi\u1ea5y \u0111\u1ef1ng b\u00e1nh m\u00ec l\u00e0 m\u1ed9t s\u1ea3n ph\u1ea9m kh\u00f4ng th\u1ec3 thi\u1ebfu trong ng\u00e0nh th\u1ef1c ph\u1ea9m. V\u1edbi m\u00e3 s\u1ed1 BMD_8595, t\u00fai gi\u1ea5y n\u00e0y \u0111\u01b0\u1ee3c thi\u1ebft k\u1ebf v\u00e0 s\u1ea3n xu\u1ea5t \u0111\u1eb7c bi\u1ec7t \u0111\u1ec3 \u0111\u00e1p \u1ee9ng nhu c\u1ea7u c\u1ee7a c\u00e1c c\u1eeda h\u00e0ng b\u00e1nh m\u00ec, qu\u00e1n \u0103n v\u00e0 c\u00e1c \u0111\u01a1n v\u1ecb kinh doanh th\u1ef1c ph\u1ea9m kh\u00e1c. V\u1edbi ch\u1ea5t li\u1ec7u gi\u1ea5y th\u1ef1c ph\u1ea9m an to\u00e0n, t\u00fai gi\u1ea5y b\u00e1nh m\u00ec n\u00e0y \u0111\u1ea3m b\u1ea3o s\u1ef1 t\u01b0\u01a1i ngon v\u00e0 an to\u00e0n cho s\u1ea3n ph\u1ea9m b\u00ean trong.<\/p>\n<h3>\u0110\u1eb7c \u0110i\u1ec3m C\u1ee7a T\u00fai Gi\u1ea5y B\u00e1nh M\u00ec<\/h3>\n<p>T\u00fai gi\u1ea5y \u0111\u1ef1ng b\u00e1nh m\u00ec \u0111\u01b0\u1ee3c l\u00e0m t\u1eeb gi\u1ea5y an to\u00e0n s\u1eed d\u1ee5ng cho th\u1ef1c ph\u1ea9m, \u0111\u1ea3m b\u1ea3o an to\u00e0n cho s\u1ee9c kh\u1ecfe c\u1ee7a ng\u01b0\u1eddi ti\u00eau d\u00f9ng. M\u1eb7c d\u00f9 kh\u00f4ng \u0103n \u0111\u01b0\u1ee3c, nh\u01b0ng t\u00fai gi\u1ea5y n\u00e0y \u0111\u00f3ng vai tr\u00f2 quan tr\u1ecdng trong vi\u1ec7c b\u1ea3o qu\u1ea3n v\u00e0 v\u1eadn chuy\u1ec3n b\u00e1nh m\u00ec m\u1ed9t c\u00e1ch ti\u1ec7n l\u1ee3i.<\/p>\n<p>T\u00fai gi\u1ea5y b\u00e1nh m\u00ec kh\u00f4ng c\u00f3 quai x\u00e1ch, gi\u00fap b\u1ea3o v\u1ec7 b\u00e1nh m\u00ec kh\u1ecfi b\u1ecb bi\u1ebfn d\u1ea1ng hay n\u00e1t v\u1ee1 trong qu\u00e1 tr\u00ecnh v\u1eadn chuy\u1ec3n v\u00e0 giao h\u00e0ng. V\u1edbi k\u00edch th\u01b0\u1edbc ph\u00f9 h\u1ee3p, t\u00fai b\u00e1nh m\u00ec n\u00e0y ch\u1ec9 \u0111\u1ef1ng \u0111\u01b0\u1ee3c m\u1ed9t \u1ed5 b\u00e1nh m\u00ec Vi\u1ec7t Nam, gi\u1eef cho b\u00e1nh m\u00ec \u0111\u01b0\u1ee3c gi\u1eef nguy\u00ean h\u00ecnh d\u00e1ng v\u00e0 ch\u1ea5t l\u01b0\u1ee3ng.<\/p>\n<p>Th\u01b0\u1eddng c\u00f3 k\u00edch th\u01b0\u1edbc ngang 9.5cm, cao 24.5cm v\u00e0 2 b\u00ean h\u00f4ng r\u1ed9ng 4.5cm, t\u00fai gi\u1ea5y \u0111\u1ef1ng b\u00e1nh m\u00ec n\u00e0y ph\u00f9 h\u1ee3p v\u1edbi h\u1ea7u h\u1ebft c\u00e1c lo\u1ea1i b\u00e1nh m\u00ec tr\u00ean th\u1ecb tr\u01b0\u1eddng.<\/p>\n<h3>T\u00ean G\u1ecdi Kh\u00e1c C\u1ee7a T\u00fai Gi\u1ea5y B\u00e1nh M\u00ec<\/h3>\n<p>Ngo\u00e0i t\u00ean g\u1ecdi ch\u00ednh l\u00e0 t\u00fai gi\u1ea5y \u0111\u1ef1ng b\u00e1nh m\u00ec, s\u1ea3n ph\u1ea9m n\u00e0y c\u00f2n c\u00f3 th\u1ec3 \u0111\u01b0\u1ee3c g\u1ecdi l\u00e0 bao b\u00e1nh m\u00ec, gi\u1ea5y g\u00f3i b\u00e1nh m\u00ec, ho\u1eb7c t\u00fai gi\u1ea5y \u0111\u1ef1ng th\u1ef1c ph\u1ea9m.<\/p>\n<h3>Ph\u00e2n Lo\u1ea1i S\u1ea3n Ph\u1ea9m<\/h3>\n<p>S\u1ea3n ph\u1ea9m t\u00fai gi\u1ea5y \u0111\u1ef1ng b\u00e1nh m\u00ec (m\u00e3 BMD_8595) \u0111\u01b0\u1ee3c ph\u00e2n lo\u1ea1i trong danh m\u1ee5c c\u00e1c s\u1ea3n ph\u1ea9m \u0111\u00f3ng g\u00f3i th\u1ef1c ph\u1ea9m, \u0111\u1ea3m b\u1ea3o ti\u00eau chu\u1ea9n an to\u00e0n v\u00e0 ch\u1ea5t l\u01b0\u1ee3ng.<\/p>\n","protected":false},"excerpt":{"rendered":"<p>K\u00edch th\u01b0\u1edbc 9.5&#215;4.5x24cm, \u0111\u1ecbnh l\u01b0\u1ee3ng gi\u1ea5y 50gsm. T\u00fai gi\u1ea5y \u0111\u1ef1ng b\u00e1nh m\u00ec l\u00e0 s\u1ea3n ph\u1ea9m kh\u00f4ng th\u1ec3 thi\u1ebfu trong ng\u00e0nh th\u1ef1c ph\u1ea9m, \u0111\u1ea3m b\u1ea3o an to\u00e0n v\u00e0 ti\u1ec7n l\u1ee3i cho vi\u1ec7c \u0111\u00f3ng g\u00f3i v\u00e0 b\u1ea3o qu\u1ea3n b\u00e1nh m\u00ec.<\/p>\n","protected":false},"featured_media":1141,"template":"","meta":[],"product_brand":[],"product_cat":[72],"product_tag":[],"class_list":{"0":"post-1140","1":"product","2":"type-product","3":"status-publish","4":"has-post-thumbnail","6":"product_cat-san-pham-tui-banh-mi","8":"first","9":"instock","10":"virtual","11":"product-type-simple"},"_links":{"self":[{"href":"https:\/\/tuibanhmidep.com\/bai-viet\/wp-json\/wp\/v2\/product\/1140","targetHints":{"allow":["GET"]}}],"collection":[{"href":"https:\/\/tuibanhmidep.com\/bai-viet\/wp-json\/wp\/v2\/product"}],"about":[{"href":"https:\/\/tuibanhmidep.com\/bai-viet\/wp-json\/wp\/v2\/types\/product"}],"wp:featuredmedia":[{"embeddable":true,"href":"https:\/\/tuibanhmidep.com\/bai-viet\/wp-json\/wp\/v2\/media\/1141"}],"wp:attachment":[{"href":"https:\/\/tuibanhmidep.com\/bai-viet\/wp-json\/wp\/v2\/media?parent=1140"}],"wp:term":[{"taxonomy":"product_brand","embeddable":true,"href":"https:\/\/tuibanhmidep.com\/bai-viet\/wp-json\/wp\/v2\/product_brand?post=1140"},{"taxonomy":"product_cat","embeddable":true,"href":"https:\/\/tuibanhmidep.com\/bai-viet\/wp-json\/wp\/v2\/product_cat?post=1140"},{"taxonomy":"product_tag","embeddable":true,"href":"https:\/\/tuibanhmidep.com\/bai-viet\/wp-json\/wp\/v2\/product_tag?post=1140"}],"curies":[{"name":"wp","href":"https:\/\/api.w.org\/{rel}","templated":true}]}}